Last updated on 2025-07-04 12:49:13 CEST.
Flavor | Version | Tinstall | Tcheck | Ttotal | Status | Flags |
---|---|---|---|---|---|---|
r-devel-linux-x86_64-debian-clang | 1.0 | 70.64 | 307.35 | 377.99 | NOTE | |
r-devel-linux-x86_64-debian-gcc | 1.0 | 48.73 | 207.73 | 256.46 | NOTE | |
r-devel-linux-x86_64-fedora-clang | 1.0 | 588.12 | OK | |||
r-devel-linux-x86_64-fedora-gcc | 1.0 | 562.77 | OK | |||
r-devel-windows-x86_64 | 1.0 | 78.00 | 386.00 | 464.00 | OK | |
r-patched-linux-x86_64 | 1.0 | 70.06 | 320.52 | 390.58 | OK | |
r-release-linux-x86_64 | 1.0 | 68.83 | 319.18 | 388.01 | OK | |
r-release-macos-arm64 | 1.0 | 187.00 | OK | |||
r-release-macos-x86_64 | 1.0 | 393.00 | OK | |||
r-release-windows-x86_64 | 1.0 | 81.00 | 390.00 | 471.00 | OK | |
r-oldrel-macos-arm64 | 1.0 | 192.00 | OK | |||
r-oldrel-macos-x86_64 | 1.0 | 306.00 | NOTE | |||
r-oldrel-windows-x86_64 | 1.0 | 94.00 | 555.00 | 649.00 | OK |
Version: 1.0
Check: CRAN incoming feasibility
Result: NOTE
Maintainer: ‘Alex Gibberd <a.gibberd@lancaster.ac.uk>’
The Description field contains
<arXiv:2303.11892>. Options to use classic multivariate Kalman filter
Please refer to arXiv e-prints via their arXiv DOI <doi:10.48550/arXiv.YYMM.NNNNN>.
Flavors: r-devel-linux-x86_64-debian-clang, r-devel-linux-x86_64-debian-gcc
Version: 1.0
Check: installed package size
Result: NOTE
installed size is 5.1Mb
sub-directories of 1Mb or more:
libs 4.2Mb
Flavor: r-oldrel-macos-x86_64