Last updated on 2024-07-18 01:55:44 CEST.
Flavor | Version | Tinstall | Tcheck | Ttotal | Status | Flags |
---|---|---|---|---|---|---|
r-devel-linux-x86_64-debian-clang | 0.2.0.1 | 81.64 | 52.60 | 134.24 | OK | |
r-devel-linux-x86_64-debian-gcc | 0.2.0.1 | 60.35 | 41.62 | 101.97 | OK | |
r-devel-linux-x86_64-fedora-clang | 0.2.0.1 | 189.21 | NOTE | |||
r-devel-linux-x86_64-fedora-gcc | 0.2.0.1 | 212.38 | NOTE | |||
r-devel-windows-x86_64 | 0.2.0.1 | 64.00 | 88.00 | 152.00 | OK | |
r-patched-linux-x86_64 | 0.2.0.1 | 73.15 | 52.77 | 125.92 | OK | |
r-release-linux-x86_64 | 0.2.0.1 | 51.52 | 52.30 | 103.82 | OK | |
r-release-macos-arm64 | 0.2.0.1 | 46.00 | NOTE | |||
r-release-macos-x86_64 | 0.2.0.1 | 60.00 | NOTE | |||
r-release-windows-x86_64 | 0.2.0.1 | 66.00 | 88.00 | 154.00 | OK | |
r-oldrel-macos-arm64 | 0.2.0.1 | 68.00 | NOTE | |||
r-oldrel-macos-x86_64 | 0.2.0.1 | 110.00 | NOTE | |||
r-oldrel-windows-x86_64 | 0.2.0.1 | 80.00 | 96.00 | 176.00 | OK |
Version: 0.2.0.1
Check: compiled code
Result: NOTE
File ‘sparseLTSEigen/libs/sparseLTSEigen.so’:
Found no calls to: ‘R_registerRoutines’, ‘R_useDynamicSymbols’
It is good practice to register native routines and to disable symbol
search.
See ‘Writing portable packages’ in the ‘Writing R Extensions’ manual.
Flavors: r-devel-linux-x86_64-fedora-clang, r-devel-linux-x86_64-fedora-gcc
Version: 0.2.0.1
Check: installed package size
Result: NOTE
installed size is 13.7Mb
sub-directories of 1Mb or more:
libs 13.6Mb
Flavors: r-release-macos-arm64, r-release-macos-x86_64, r-oldrel-macos-arm64, r-oldrel-macos-x86_64