Last updated on 2024-08-16 12:49:21 CEST.
Flavor | Version | Tinstall | Tcheck | Ttotal | Status | Flags |
---|---|---|---|---|---|---|
r-devel-linux-x86_64-debian-clang | 0.2.2 | 3.70 | 123.59 | 127.29 | OK | |
r-devel-linux-x86_64-debian-gcc | 0.2.2 | 2.57 | 82.34 | 84.91 | OK | |
r-devel-linux-x86_64-fedora-clang | 0.2.2 | 207.00 | NOTE | |||
r-devel-linux-x86_64-fedora-gcc | 0.2.2 | 210.48 | OK | |||
r-devel-windows-x86_64 | 0.2.2 | 5.00 | 127.00 | 132.00 | OK | |
r-patched-linux-x86_64 | 0.2.2 | 4.30 | 119.46 | 123.76 | OK | |
r-release-linux-x86_64 | 0.2.2 | 3.58 | 122.60 | 126.18 | OK | |
r-release-macos-arm64 | 0.2.2 | 60.00 | OK | |||
r-release-macos-x86_64 | 0.2.2 | 98.00 | OK | |||
r-release-windows-x86_64 | 0.2.2 | 6.00 | 129.00 | 135.00 | OK | |
r-oldrel-macos-arm64 | 0.2.2 | 67.00 | OK | |||
r-oldrel-macos-x86_64 | 0.2.2 | 120.00 | OK | |||
r-oldrel-windows-x86_64 | 0.2.2 | 6.00 | 170.00 | 176.00 | OK |
Version: 0.2.2
Check: Rd cross-references
Result: NOTE
Undeclared package ‘sp’ in Rd xrefs
Flavor: r-devel-linux-x86_64-fedora-clang