CRAN Package Check Results for Package speechbr

Last updated on 2025-11-14 12:50:25 CET.

Flavor Version Tinstall Tcheck Ttotal Status Flags
r-devel-linux-x86_64-debian-clang 2.0.0 2.47 28.81 31.28 OK
r-devel-linux-x86_64-debian-gcc 2.0.0 1.85 23.42 25.27 OK
r-devel-linux-x86_64-fedora-clang 2.0.0 45.26 NOTE
r-devel-linux-x86_64-fedora-gcc 2.0.0 17.00 27.77 44.77 NOTE
r-devel-windows-x86_64 2.0.0 6.00 50.00 56.00 OK
r-patched-linux-x86_64 2.0.0 2.49 26.03 28.52 OK
r-release-linux-x86_64 2.0.0 2.50 25.90 28.40 OK
r-release-macos-arm64 2.0.0 1.00 17.00 18.00 OK
r-release-macos-x86_64 2.0.0 2.00 30.00 32.00 OK
r-release-windows-x86_64 2.0.0 5.00 50.00 55.00 OK
r-oldrel-macos-arm64 2.0.0 1.00 17.00 18.00 OK
r-oldrel-macos-x86_64 2.0.0 2.00 25.00 27.00 OK
r-oldrel-windows-x86_64 2.0.0 5.00 54.00 59.00 OK

Check Details

Version: 2.0.0
Check: dependencies in R code
Result: NOTE Namespaces in Imports field not imported from: ‘glue’ ‘httptest’ All declared Imports should be used. Flavors: r-devel-linux-x86_64-fedora-clang, r-devel-linux-x86_64-fedora-gcc