Last updated on 2024-07-18 01:55:44 CEST.
Flavor | Version | Tinstall | Tcheck | Ttotal | Status | Flags |
---|---|---|---|---|---|---|
r-devel-linux-x86_64-debian-clang | 0.1-1 | 4.68 | 58.15 | 62.83 | NOTE | |
r-devel-linux-x86_64-debian-gcc | 0.1-1 | 4.84 | 44.04 | 48.88 | NOTE | |
r-devel-linux-x86_64-fedora-clang | 0.1-1 | 77.07 | NOTE | |||
r-devel-linux-x86_64-fedora-gcc | 0.1-1 | 75.91 | NOTE | |||
r-devel-windows-x86_64 | 0.1-1 | 6.00 | 60.00 | 66.00 | NOTE | |
r-patched-linux-x86_64 | 0.1-1 | 6.18 | 55.22 | 61.40 | NOTE | |
r-release-linux-x86_64 | 0.1-1 | 4.15 | 55.13 | 59.28 | NOTE | |
r-release-macos-arm64 | 0.1-1 | 26.00 | NOTE | |||
r-release-macos-x86_64 | 0.1-1 | 41.00 | NOTE | |||
r-release-windows-x86_64 | 0.1-1 | 6.00 | 60.00 | 66.00 | NOTE | |
r-oldrel-macos-arm64 | 0.1-1 | 34.00 | NOTE | |||
r-oldrel-macos-x86_64 | 0.1-1 | 49.00 | NOTE | |||
r-oldrel-windows-x86_64 | 0.1-1 | 7.00 | 67.00 | 74.00 | NOTE |
Version: 0.1-1
Check: LazyData
Result: NOTE
'LazyData' is specified without a 'data' directory
Flavors: r-devel-linux-x86_64-debian-clang, r-devel-linux-x86_64-debian-gcc, r-devel-linux-x86_64-fedora-clang, r-devel-linux-x86_64-fedora-gcc, r-devel-windows-x86_64, r-patched-linux-x86_64, r-release-linux-x86_64, r-release-macos-arm64, r-release-macos-x86_64, r-release-windows-x86_64, r-oldrel-macos-arm64, r-oldrel-macos-x86_64, r-oldrel-windows-x86_64
Version: 0.1-1
Check: for non-standard things in the check directory
Result: NOTE
Found the following files/directories:
‘.neig’
Flavors: r-devel-linux-x86_64-debian-clang, r-devel-linux-x86_64-debian-gcc, r-devel-linux-x86_64-fedora-clang, r-devel-linux-x86_64-fedora-gcc, r-patched-linux-x86_64, r-release-linux-x86_64