Last updated on 2024-08-16 12:49:21 CEST.
Flavor | Version | Tinstall | Tcheck | Ttotal | Status | Flags |
---|---|---|---|---|---|---|
r-devel-linux-x86_64-debian-clang | 0.1.4 | 3.55 | 73.48 | 77.03 | OK | |
r-devel-linux-x86_64-debian-gcc | 0.1.4 | 2.32 | 50.89 | 53.21 | OK | |
r-devel-linux-x86_64-fedora-clang | 0.1.4 | 123.35 | NOTE | |||
r-devel-linux-x86_64-fedora-gcc | 0.1.4 | 129.77 | NOTE | |||
r-devel-windows-x86_64 | 0.1.4 | 6.00 | 92.00 | 98.00 | OK | |
r-patched-linux-x86_64 | 0.1.4 | 3.76 | 68.64 | 72.40 | OK | |
r-release-linux-x86_64 | 0.1.4 | 3.48 | 69.32 | 72.80 | OK | |
r-release-macos-arm64 | 0.1.4 | 40.00 | OK | |||
r-release-macos-x86_64 | 0.1.4 | 66.00 | OK | |||
r-release-windows-x86_64 | 0.1.4 | 7.00 | 97.00 | 104.00 | OK | |
r-oldrel-macos-arm64 | 0.1.4 | 43.00 | OK | |||
r-oldrel-macos-x86_64 | 0.1.4 | 90.00 | OK | |||
r-oldrel-windows-x86_64 | 0.1.4 | 7.00 | 113.00 | 120.00 | OK |
Version: 0.1.4
Check: dependencies in R code
Result: NOTE
Namespace in Imports field not imported from: ‘utils’
All declared Imports should be used.
Flavors: r-devel-linux-x86_64-fedora-clang, r-devel-linux-x86_64-fedora-gcc