Last updated on 2024-07-18 01:55:44 CEST.
Flavor | Version | Tinstall | Tcheck | Ttotal | Status | Flags |
---|---|---|---|---|---|---|
r-devel-linux-x86_64-debian-clang | 0.3.0 | 125.96 | 215.80 | 341.76 | OK | |
r-devel-linux-x86_64-debian-gcc | 0.3.0 | 92.64 | 160.01 | 252.65 | OK | |
r-devel-linux-x86_64-fedora-clang | 0.3.0 | 440.89 | OK | |||
r-devel-linux-x86_64-fedora-gcc | 0.3.0 | 438.90 | OK | |||
r-devel-windows-x86_64 | 0.3.0 | 105.00 | 205.00 | 310.00 | OK | |
r-patched-linux-x86_64 | 0.3.0 | 83.06 | 204.66 | 287.72 | OK | |
r-release-linux-x86_64 | 0.3.0 | 106.50 | 205.08 | 311.58 | OK | |
r-release-macos-arm64 | 0.3.0 | 100.00 | NOTE | |||
r-release-macos-x86_64 | 0.3.0 | 138.00 | NOTE | |||
r-release-windows-x86_64 | 0.3.0 | 99.00 | 211.00 | 310.00 | OK | |
r-oldrel-macos-arm64 | 0.3.0 | 104.00 | NOTE | |||
r-oldrel-macos-x86_64 | 0.3.0 | 200.00 | NOTE | |||
r-oldrel-windows-x86_64 | 0.3.0 | 124.00 | 278.00 | 402.00 | OK |
Version: 0.3.0
Check: installed package size
Result: NOTE
installed size is 13.4Mb
sub-directories of 1Mb or more:
data 1.1Mb
help 1.1Mb
libs 10.9Mb
Flavors: r-release-macos-arm64, r-release-macos-x86_64, r-oldrel-macos-arm64, r-oldrel-macos-x86_64