Last updated on 2024-08-16 12:49:21 CEST.
Flavor | Version | Tinstall | Tcheck | Ttotal | Status | Flags |
---|---|---|---|---|---|---|
r-devel-linux-x86_64-debian-clang | 1.0.1 | 6.13 | 236.15 | 242.28 | OK | |
r-devel-linux-x86_64-debian-gcc | 1.0.1 | 4.75 | 141.18 | 145.93 | OK | |
r-devel-linux-x86_64-fedora-clang | 1.0.1 | 434.15 | NOTE | |||
r-devel-linux-x86_64-fedora-gcc | 1.0.1 | 457.99 | NOTE | |||
r-devel-windows-x86_64 | 1.0.1 | 11.00 | 251.00 | 262.00 | OK | |
r-patched-linux-x86_64 | 1.0.1 | 7.22 | 297.33 | 304.55 | OK | |
r-release-linux-x86_64 | 1.0.1 | 6.10 | 245.61 | 251.71 | OK | |
r-release-macos-arm64 | 1.0.1 | 189.00 | OK | |||
r-release-macos-x86_64 | 1.0.1 | 318.00 | OK | |||
r-release-windows-x86_64 | 1.0.1 | 12.00 | 249.00 | 261.00 | OK | |
r-oldrel-macos-arm64 | 1.0.1 | 164.00 | OK | |||
r-oldrel-macos-x86_64 | 1.0.1 | 287.00 | OK | |||
r-oldrel-windows-x86_64 | 1.0.1 | 13.00 | 466.00 | 479.00 | OK |
Version: 1.0.1
Check: data for non-ASCII characters
Result: NOTE
Note: found 1 marked UTF-8 string
Flavors: r-devel-linux-x86_64-fedora-clang, r-devel-linux-x86_64-fedora-gcc