Last updated on 2024-08-16 12:49:21 CEST.
Flavor | Version | Tinstall | Tcheck | Ttotal | Status | Flags |
---|---|---|---|---|---|---|
r-devel-linux-x86_64-debian-clang | 0.9.1 | 4.09 | 24.34 | 28.43 | OK | |
r-devel-linux-x86_64-debian-gcc | 0.9.1 | 3.55 | 19.70 | 23.25 | OK | |
r-devel-linux-x86_64-fedora-clang | 0.9.1 | 49.51 | OK | |||
r-devel-linux-x86_64-fedora-gcc | 0.9.1 | 58.80 | OK | |||
r-devel-windows-x86_64 | 0.9.1 | 21.00 | 88.00 | 109.00 | NOTE | |
r-patched-linux-x86_64 | 0.9.1 | 4.66 | 23.37 | 28.03 | OK | |
r-release-linux-x86_64 | 0.9.1 | 4.11 | 23.67 | 27.78 | OK | |
r-release-macos-arm64 | 0.9.1 | 31.00 | OK | |||
r-release-macos-x86_64 | 0.9.1 | 44.00 | OK | |||
r-release-windows-x86_64 | 0.9.1 | 22.00 | 95.00 | 117.00 | NOTE | |
r-oldrel-macos-arm64 | 0.9.1 | 32.00 | OK | |||
r-oldrel-macos-x86_64 | 0.9.1 | 62.00 | OK | |||
r-oldrel-windows-x86_64 | 0.9.1 | 25.00 | 108.00 | 133.00 | NOTE |
Version: 0.9.1
Check: installed package size
Result: NOTE
installed size is 5.5Mb
sub-directories of 1Mb or more:
libs 4.6Mb
Flavors: r-devel-windows-x86_64, r-release-windows-x86_64, r-oldrel-windows-x86_64