Last updated on 2024-08-16 12:49:21 CEST.
Flavor | Version | Tinstall | Tcheck | Ttotal | Status | Flags |
---|---|---|---|---|---|---|
r-devel-linux-x86_64-debian-clang | 0.1.1 | 2.56 | 70.22 | 72.78 | OK | |
r-devel-linux-x86_64-debian-gcc | 0.1.1 | 1.71 | 47.20 | 48.91 | OK | |
r-devel-linux-x86_64-fedora-clang | 0.1.1 | 122.94 | NOTE | |||
r-devel-linux-x86_64-fedora-gcc | 0.1.1 | 127.19 | NOTE | |||
r-devel-windows-x86_64 | 0.1.1 | 4.00 | 78.00 | 82.00 | OK | |
r-patched-linux-x86_64 | 0.1.1 | 2.61 | 64.41 | 67.02 | OK | |
r-release-linux-x86_64 | 0.1.1 | 2.22 | 66.07 | 68.29 | OK | |
r-release-macos-arm64 | 0.1.1 | 37.00 | OK | |||
r-release-macos-x86_64 | 0.1.1 | 58.00 | OK | |||
r-release-windows-x86_64 | 0.1.1 | 4.00 | 84.00 | 88.00 | OK | |
r-oldrel-macos-arm64 | 0.1.1 | 43.00 | OK | |||
r-oldrel-macos-x86_64 | 0.1.1 | 67.00 | OK | |||
r-oldrel-windows-x86_64 | 0.1.1 | 4.00 | 101.00 | 105.00 | OK |
Version: 0.1.1
Check: package dependencies
Result: NOTE
Package suggested but not available for checking: ‘tgp’
Flavor: r-devel-linux-x86_64-fedora-clang
Version: 0.1.1
Check: dependencies in R code
Result: NOTE
Namespace in Imports field not imported from: ‘e1071’
All declared Imports should be used.
Flavors: r-devel-linux-x86_64-fedora-clang, r-devel-linux-x86_64-fedora-gcc