CRAN Package Check Results for Package stagedtrees

Last updated on 2025-07-08 13:49:21 CEST.

Flavor Version Tinstall Tcheck Ttotal Status Flags
r-devel-linux-x86_64-debian-clang 2.3.0 6.69 92.33 99.02 NOTE
r-devel-linux-x86_64-debian-gcc 2.3.0 4.55 60.66 65.21 NOTE
r-devel-linux-x86_64-fedora-clang 2.3.0 144.63 OK
r-devel-linux-x86_64-fedora-gcc 2.3.0 138.71 OK
r-devel-windows-x86_64 2.3.0 7.00 107.00 114.00 OK
r-patched-linux-x86_64 2.3.0 8.02 83.97 91.99 OK
r-release-linux-x86_64 2.3.0 6.15 83.67 89.82 OK
r-release-macos-arm64 2.3.0 39.00 OK
r-release-macos-x86_64 2.3.0 79.00 OK
r-release-windows-x86_64 2.3.0 7.00 110.00 117.00 OK
r-oldrel-macos-arm64 2.3.0 36.00 OK
r-oldrel-macos-x86_64 2.3.0 61.00 OK
r-oldrel-windows-x86_64 2.3.0 8.00 133.00 141.00 OK

Check Details

Version: 2.3.0
Check: CRAN incoming feasibility
Result: NOTE Maintainer: ‘Gherardo Varando <gherardo.varando@gmail.com>’ The Description field contains Smith J. Q. (2018) <arXiv:1705.09457>. Thwaites P. A., Smith, J. Q. (2017) <arXiv:1510.00186>. Barclay L. M., Hutton J. L. and Smith J. Q. Please refer to arXiv e-prints via their arXiv DOI <doi:10.48550/arXiv.YYMM.NNNNN>. Flavors: r-devel-linux-x86_64-debian-clang, r-devel-linux-x86_64-debian-gcc