Last updated on 2024-07-18 01:55:44 CEST.
Flavor | Version | Tinstall | Tcheck | Ttotal | Status | Flags |
---|---|---|---|---|---|---|
r-devel-linux-x86_64-debian-clang | 0.2 | 3.08 | 30.09 | 33.17 | NOTE | |
r-devel-linux-x86_64-debian-gcc | 0.2 | 2.74 | 22.97 | 25.71 | NOTE | |
r-devel-linux-x86_64-fedora-clang | 0.2 | 42.80 | NOTE | |||
r-devel-linux-x86_64-fedora-gcc | 0.2 | 40.19 | NOTE | |||
r-devel-windows-x86_64 | 0.2 | 4.00 | 46.00 | 50.00 | NOTE | |
r-patched-linux-x86_64 | 0.2 | 2.15 | 29.39 | 31.54 | NOTE | |
r-release-linux-x86_64 | 0.2 | 2.31 | 28.91 | 31.22 | NOTE | |
r-release-macos-arm64 | 0.2 | 18.00 | NOTE | |||
r-release-macos-x86_64 | 0.2 | 24.00 | NOTE | |||
r-release-windows-x86_64 | 0.2 | 4.00 | 46.00 | 50.00 | NOTE | |
r-oldrel-macos-arm64 | 0.2 | 20.00 | NOTE | |||
r-oldrel-macos-x86_64 | 0.2 | 24.00 | NOTE | |||
r-oldrel-windows-x86_64 | 0.2 | 7.00 | 47.00 | 54.00 | NOTE |
Version: 0.2
Check: Rd files
Result: NOTE
checkRd: (-1) tuneParam.Rd:28: Lost braces; missing escapes or markup?
28 | It supports the BFGS optimization method ('QN') from the optim {stats} function, the Hooke-Jeeves derivative-free
| ^
checkRd: (-1) tuneParamCL2.Rd:28: Lost braces; missing escapes or markup?
28 | It supports the BFGS optimization method ('QN') from the optim {stats} function, the Hooke-Jeeves derivative-free
| ^
Flavors: r-devel-linux-x86_64-debian-clang, r-devel-linux-x86_64-debian-gcc, r-devel-linux-x86_64-fedora-clang, r-devel-linux-x86_64-fedora-gcc, r-devel-windows-x86_64, r-patched-linux-x86_64, r-release-linux-x86_64, r-release-macos-arm64, r-release-macos-x86_64, r-release-windows-x86_64
Version: 0.2
Check: LazyData
Result: NOTE
'LazyData' is specified without a 'data' directory
Flavors: r-devel-linux-x86_64-debian-clang, r-devel-linux-x86_64-debian-gcc, r-devel-linux-x86_64-fedora-clang, r-devel-linux-x86_64-fedora-gcc, r-devel-windows-x86_64, r-patched-linux-x86_64, r-release-linux-x86_64, r-release-macos-arm64, r-release-macos-x86_64, r-release-windows-x86_64, r-oldrel-macos-arm64, r-oldrel-macos-x86_64, r-oldrel-windows-x86_64