Last updated on 2024-08-16 12:49:21 CEST.
Flavor | Version | Tinstall | Tcheck | Ttotal | Status | Flags |
---|---|---|---|---|---|---|
r-devel-linux-x86_64-debian-clang | 1.3.7 | 34.47 | 223.71 | 258.18 | NOTE | |
r-devel-linux-x86_64-debian-gcc | 1.3.7 | 23.35 | 151.28 | 174.63 | NOTE | |
r-devel-linux-x86_64-fedora-clang | 1.3.7 | 448.90 | OK | |||
r-devel-linux-x86_64-fedora-gcc | 1.3.7 | 455.36 | OK | |||
r-devel-windows-x86_64 | 1.3.7 | 38.00 | 288.00 | 326.00 | NOTE | |
r-patched-linux-x86_64 | 1.3.7 | 37.52 | 216.70 | 254.22 | OK | |
r-release-linux-x86_64 | 1.3.7 | 34.53 | 217.35 | 251.88 | OK | |
r-release-macos-arm64 | 1.3.7 | 124.00 | NOTE | |||
r-release-macos-x86_64 | 1.3.7 | 196.00 | NOTE | |||
r-release-windows-x86_64 | 1.3.7 | 37.00 | 287.00 | 324.00 | OK | |
r-oldrel-macos-arm64 | 1.3.7 | 141.00 | NOTE | |||
r-oldrel-macos-x86_64 | 1.3.7 | 346.00 | NOTE | |||
r-oldrel-windows-x86_64 | 1.3.7 | 47.00 | 348.00 | 395.00 | OK |
Version: 1.3.7
Check: Rd cross-references
Result: NOTE
Found the following Rd file(s) with Rd \link{} targets missing package
anchors:
labelTopics.Rd: lda
topicLasso.Rd: glmnet, cv.glmnet
Please provide package anchors for all Rd \link{} targets not in the
package itself and the base packages.
Flavors: r-devel-linux-x86_64-debian-clang, r-devel-linux-x86_64-debian-gcc, r-devel-windows-x86_64
Version: 1.3.7
Check: installed package size
Result: NOTE
installed size is 5.3Mb
sub-directories of 1Mb or more:
data 1.7Mb
libs 2.4Mb
Flavors: r-release-macos-arm64, r-release-macos-x86_64, r-oldrel-macos-arm64, r-oldrel-macos-x86_64