Last updated on 2024-07-18 01:55:44 CEST.
Flavor | Version | Tinstall | Tcheck | Ttotal | Status | Flags |
---|---|---|---|---|---|---|
r-devel-linux-x86_64-debian-clang | 0.2.4 | 33.38 | 239.95 | 273.33 | OK | |
r-devel-linux-x86_64-debian-gcc | 0.2.4 | 22.86 | 174.60 | 197.46 | OK | |
r-devel-linux-x86_64-fedora-clang | 0.2.4 | 343.08 | OK | |||
r-devel-linux-x86_64-fedora-gcc | 0.2.4 | 344.49 | OK | |||
r-devel-windows-x86_64 | 0.2.4 | 22.00 | 175.00 | 197.00 | NOTE | |
r-patched-linux-x86_64 | 0.2.4 | 32.05 | 229.03 | 261.08 | OK | |
r-release-linux-x86_64 | 0.2.4 | 31.30 | 229.40 | 260.70 | OK | |
r-release-macos-arm64 | 0.2.4 | 140.00 | OK | |||
r-release-macos-x86_64 | 0.2.4 | 198.00 | OK | |||
r-release-windows-x86_64 | 0.2.4 | 20.00 | 174.00 | 194.00 | OK | |
r-oldrel-macos-arm64 | 0.2.4 | 86.00 | OK | |||
r-oldrel-macos-x86_64 | 0.2.4 | 184.00 | OK | |||
r-oldrel-windows-x86_64 | 0.2.4 | 28.00 | 215.00 | 243.00 | OK |
Version: 0.2.4
Check: Rd cross-references
Result: NOTE
Found the following Rd file(s) with Rd \link{} targets missing package
anchors:
globaldiag.Rd: STIKhat, STLKinhom
localSTLKinhom.Rd: STLKinhom, STLginhom
localdiag.Rd: KLISTAhat
localtest.Rd: KLISTAhat, LISTAhat
plot.globaldiag.Rd: STLKinhom
plot.locstppm.Rd: OS
plot.sepstppm.Rd: OS
plot.stlgcppm.Rd: OS
plot.stlp.Rd: plot3D
plot.stppm.Rd: OS
sepstlppm.Rd: lppm
sepstppm.Rd: ppm
Please provide package anchors for all Rd \link{} targets not in the
package itself and the base packages.
Flavor: r-devel-windows-x86_64