Last updated on 2024-07-18 01:55:44 CEST.
Flavor | Version | Tinstall | Tcheck | Ttotal | Status | Flags |
---|---|---|---|---|---|---|
r-devel-linux-x86_64-debian-clang | 1.2 | 2.89 | 25.52 | 28.41 | NOTE | |
r-devel-linux-x86_64-debian-gcc | 1.2 | 1.98 | 19.79 | 21.77 | NOTE | |
r-devel-linux-x86_64-fedora-clang | 1.2 | 37.18 | NOTE | |||
r-devel-linux-x86_64-fedora-gcc | 1.2 | 33.88 | NOTE | |||
r-devel-windows-x86_64 | 1.2 | 3.00 | 50.00 | 53.00 | NOTE | |
r-patched-linux-x86_64 | 1.2 | 2.79 | 25.20 | 27.99 | NOTE | |
r-release-linux-x86_64 | 1.2 | 2.69 | 24.35 | 27.04 | NOTE | |
r-release-macos-arm64 | 1.2 | 18.00 | NOTE | |||
r-release-macos-x86_64 | 1.2 | 29.00 | NOTE | |||
r-release-windows-x86_64 | 1.2 | 3.00 | 49.00 | 52.00 | NOTE | |
r-oldrel-macos-arm64 | 1.2 | 20.00 | NOTE | |||
r-oldrel-macos-x86_64 | 1.2 | 24.00 | NOTE | |||
r-oldrel-windows-x86_64 | 1.2 | 5.00 | 50.00 | 55.00 | NOTE |
Version: 1.2
Check: LazyData
Result: NOTE
'LazyData' is specified without a 'data' directory
Flavors: r-devel-linux-x86_64-debian-clang, r-devel-linux-x86_64-debian-gcc, r-devel-linux-x86_64-fedora-clang, r-devel-linux-x86_64-fedora-gcc, r-devel-windows-x86_64, r-patched-linux-x86_64, r-release-linux-x86_64, r-release-macos-arm64, r-release-macos-x86_64, r-release-windows-x86_64, r-oldrel-macos-arm64, r-oldrel-macos-x86_64, r-oldrel-windows-x86_64