Last updated on 2024-08-16 12:49:21 CEST.
Flavor | Version | Tinstall | Tcheck | Ttotal | Status | Flags |
---|---|---|---|---|---|---|
r-devel-linux-x86_64-debian-clang | 0.1 | 5.58 | 75.92 | 81.50 | OK | |
r-devel-linux-x86_64-debian-gcc | 0.1 | 4.33 | 54.65 | 58.98 | OK | |
r-devel-linux-x86_64-fedora-clang | 0.1 | 128.99 | NOTE | |||
r-devel-linux-x86_64-fedora-gcc | 0.1 | 138.51 | NOTE | |||
r-devel-windows-x86_64 | 0.1 | 7.00 | 86.00 | 93.00 | OK | |
r-patched-linux-x86_64 | 0.1 | 5.48 | 69.85 | 75.33 | OK | |
r-release-linux-x86_64 | 0.1 | 5.43 | 70.97 | 76.40 | OK | |
r-release-macos-arm64 | 0.1 | 44.00 | OK | |||
r-release-macos-x86_64 | 0.1 | 74.00 | OK | |||
r-release-windows-x86_64 | 0.1 | 7.00 | 86.00 | 93.00 | OK | |
r-oldrel-macos-arm64 | 0.1 | 49.00 | OK | |||
r-oldrel-macos-x86_64 | 0.1 | 108.00 | OK | |||
r-oldrel-windows-x86_64 | 0.1 | 8.00 | 104.00 | 112.00 | OK |
Version: 0.1
Check: data for non-ASCII characters
Result: NOTE
Note: found 7 marked UTF-8 strings
Flavors: r-devel-linux-x86_64-fedora-clang, r-devel-linux-x86_64-fedora-gcc