Last updated on 2024-07-18 01:55:44 CEST.
Flavor | Version | Tinstall | Tcheck | Ttotal | Status | Flags |
---|---|---|---|---|---|---|
r-devel-linux-x86_64-debian-clang | 0.2-3 | 8.89 | 75.78 | 84.67 | OK | |
r-devel-linux-x86_64-debian-gcc | 0.2-3 | 7.54 | 57.15 | 64.69 | OK | |
r-devel-linux-x86_64-fedora-clang | 0.2-3 | 110.39 | OK | |||
r-devel-linux-x86_64-fedora-gcc | 0.2-3 | 101.50 | OK | |||
r-devel-windows-x86_64 | 0.2-3 | 11.00 | 71.00 | 82.00 | NOTE | |
r-patched-linux-x86_64 | 0.2-3 | 11.68 | 72.90 | 84.58 | OK | |
r-release-linux-x86_64 | 0.2-3 | 10.31 | 74.90 | 85.21 | OK | |
r-release-macos-arm64 | 0.2-3 | 33.00 | OK | |||
r-release-macos-x86_64 | 0.2-3 | 47.00 | OK | |||
r-release-windows-x86_64 | 0.2-3 | 9.00 | 72.00 | 81.00 | OK | |
r-oldrel-macos-arm64 | 0.2-3 | 39.00 | OK | |||
r-oldrel-macos-x86_64 | 0.2-3 | 54.00 | OK | |||
r-oldrel-windows-x86_64 | 0.2-3 | 11.00 | 82.00 | 93.00 | OK |
Version: 0.2-3
Check: Rd cross-references
Result: NOTE
Found the following Rd file(s) with Rd \link{} targets missing package
anchors:
predict.coxph_mpl.Rd: predict.coxph
Please provide package anchors for all Rd \link{} targets not in the
package itself and the base packages.
Flavor: r-devel-windows-x86_64