Last updated on 2024-08-16 12:49:22 CEST.
Flavor | Version | Tinstall | Tcheck | Ttotal | Status | Flags |
---|---|---|---|---|---|---|
r-devel-linux-x86_64-debian-clang | 1.0.0 | 2.98 | 177.60 | 180.58 | NOTE | |
r-devel-linux-x86_64-debian-gcc | 1.0.0 | 2.03 | 103.37 | 105.40 | NOTE | |
r-devel-linux-x86_64-fedora-clang | 1.0.0 | 300.03 | NOTE | |||
r-devel-linux-x86_64-fedora-gcc | 1.0.0 | 328.83 | NOTE | |||
r-devel-windows-x86_64 | 1.0.0 | 4.00 | 170.00 | 174.00 | NOTE | |
r-patched-linux-x86_64 | 1.0.0 | 3.44 | 169.76 | 173.20 | NOTE | |
r-release-linux-x86_64 | 1.0.0 | 2.84 | 168.12 | 170.96 | NOTE | |
r-release-macos-arm64 | 1.0.0 | 61.00 | NOTE | |||
r-release-macos-x86_64 | 1.0.0 | 127.00 | NOTE | |||
r-release-windows-x86_64 | 1.0.0 | 5.00 | 167.00 | 172.00 | NOTE | |
r-oldrel-macos-arm64 | 1.0.0 | 65.00 | NOTE | |||
r-oldrel-macos-x86_64 | 1.0.0 | 135.00 | NOTE | |||
r-oldrel-windows-x86_64 | 1.0.0 | 4.00 | 213.00 | 217.00 | NOTE |
Version: 1.0.0
Check: LazyData
Result: NOTE
'LazyData' is specified without a 'data' directory
Flavors: r-devel-linux-x86_64-debian-clang, r-devel-linux-x86_64-debian-gcc, r-devel-linux-x86_64-fedora-clang, r-devel-linux-x86_64-fedora-gcc, r-devel-windows-x86_64, r-patched-linux-x86_64, r-release-linux-x86_64, r-release-macos-arm64, r-release-macos-x86_64, r-release-windows-x86_64, r-oldrel-macos-arm64, r-oldrel-macos-x86_64, r-oldrel-windows-x86_64