Last updated on 2024-07-18 01:55:45 CEST.
Flavor | Version | Tinstall | Tcheck | Ttotal | Status | Flags |
---|---|---|---|---|---|---|
r-devel-linux-x86_64-debian-clang | 1.1.1 | 1.60 | 22.00 | 23.60 | NOTE | |
r-devel-linux-x86_64-debian-gcc | 1.1.1 | 1.61 | 16.84 | 18.45 | NOTE | |
r-devel-linux-x86_64-fedora-clang | 1.1.1 | 30.99 | NOTE | |||
r-devel-linux-x86_64-fedora-gcc | 1.1.1 | 29.17 | NOTE | |||
r-devel-windows-x86_64 | 1.1.1 | 3.00 | 37.00 | 40.00 | NOTE | |
r-patched-linux-x86_64 | 1.1.1 | 2.22 | 21.45 | 23.67 | NOTE | |
r-release-linux-x86_64 | 1.1.1 | 1.87 | 20.87 | 22.74 | NOTE | |
r-release-macos-arm64 | 1.1.1 | 14.00 | NOTE | |||
r-release-macos-x86_64 | 1.1.1 | 23.00 | NOTE | |||
r-release-windows-x86_64 | 1.1.1 | 2.00 | 36.00 | 38.00 | NOTE | |
r-oldrel-macos-arm64 | 1.1.1 | 14.00 | NOTE | |||
r-oldrel-macos-x86_64 | 1.1.1 | 17.00 | NOTE | |||
r-oldrel-windows-x86_64 | 1.1.1 | 4.00 | 36.00 | 40.00 | NOTE |
Version: 1.1.1
Check: package subdirectories
Result: NOTE
Problems with news in ‘NEWS.md’:
No news entries found.
Flavors: r-devel-linux-x86_64-debian-clang, r-devel-linux-x86_64-debian-gcc, r-devel-linux-x86_64-fedora-clang, r-devel-linux-x86_64-fedora-gcc, r-devel-windows-x86_64, r-patched-linux-x86_64, r-release-linux-x86_64, r-release-macos-arm64, r-release-macos-x86_64, r-release-windows-x86_64, r-oldrel-macos-arm64, r-oldrel-macos-x86_64, r-oldrel-windows-x86_64