Last updated on 2024-08-16 12:49:22 CEST.
Flavor | Version | Tinstall | Tcheck | Ttotal | Status | Flags |
---|---|---|---|---|---|---|
r-devel-linux-x86_64-debian-clang | 0.5 | 161.91 | 145.92 | 307.83 | OK | |
r-devel-linux-x86_64-debian-gcc | 0.5 | 121.16 | 105.11 | 226.27 | OK | |
r-devel-linux-x86_64-fedora-clang | 0.5 | 598.30 | OK | |||
r-devel-linux-x86_64-fedora-gcc | 0.5 | 661.59 | OK | |||
r-devel-windows-x86_64 | 0.5 | 180.00 | 179.00 | 359.00 | OK | |
r-patched-linux-x86_64 | 0.5 | 166.74 | 146.59 | 313.33 | OK | |
r-release-linux-x86_64 | 0.5 | 170.92 | 149.77 | 320.69 | OK | |
r-release-macos-arm64 | 0.5 | 133.00 | NOTE | |||
r-release-macos-x86_64 | 0.5 | 160.00 | NOTE | |||
r-release-windows-x86_64 | 0.5 | 182.00 | 180.00 | 362.00 | OK | |
r-oldrel-macos-arm64 | 0.5 | 137.00 | NOTE | |||
r-oldrel-macos-x86_64 | 0.5 | 265.00 | NOTE | |||
r-oldrel-windows-x86_64 | 0.5 | 215.00 | 220.00 | 435.00 | OK |
Version: 0.5
Check: installed package size
Result: NOTE
installed size is 15.0Mb
sub-directories of 1Mb or more:
doc 1.1Mb
libs 13.3Mb
Flavors: r-release-macos-arm64, r-release-macos-x86_64, r-oldrel-macos-arm64, r-oldrel-macos-x86_64