Last updated on 2025-11-14 12:50:27 CET.
| Flavor | Version | Tinstall | Tcheck | Ttotal | Status | Flags |
|---|---|---|---|---|---|---|
| r-devel-linux-x86_64-debian-clang | 0.2.1 | 6.30 | 70.35 | 76.65 | NOTE | |
| r-devel-linux-x86_64-debian-gcc | 0.2.1 | 5.04 | 51.31 | 56.35 | NOTE | |
| r-devel-linux-x86_64-fedora-clang | 0.2.1 | 43.00 | 79.40 | 122.40 | NOTE | |
| r-devel-linux-x86_64-fedora-gcc | 0.2.1 | 13.00 | 104.54 | 117.54 | NOTE | |
| r-devel-windows-x86_64 | 0.2.1 | 8.00 | 81.00 | 89.00 | NOTE | |
| r-patched-linux-x86_64 | 0.2.1 | 7.12 | 64.49 | 71.61 | NOTE | |
| r-release-linux-x86_64 | 0.2.1 | 6.37 | 65.02 | 71.39 | NOTE | |
| r-release-macos-arm64 | 0.2.1 | 3.00 | 41.00 | 44.00 | NOTE | |
| r-release-macos-x86_64 | 0.2.1 | 10.00 | 140.00 | 150.00 | NOTE | |
| r-release-windows-x86_64 | 0.2.1 | 10.00 | 81.00 | 91.00 | NOTE | |
| r-oldrel-macos-arm64 | 0.2.1 | 2.00 | 41.00 | 43.00 | OK | |
| r-oldrel-macos-x86_64 | 0.2.1 | 4.00 | 77.00 | 81.00 | OK | |
| r-oldrel-windows-x86_64 | 0.2.1 | 12.00 | 98.00 | 110.00 | OK |
Version: 0.2.1
Check: DESCRIPTION meta-information
Result: NOTE
Missing dependency on R >= 4.1.0 because package code uses the pipe
|> or function shorthand \(...) syntax added in R 4.1.0.
File(s) using such syntax:
‘parse_schema.R’
Flavors: r-devel-linux-x86_64-debian-clang, r-devel-linux-x86_64-debian-gcc, r-devel-linux-x86_64-fedora-clang, r-devel-linux-x86_64-fedora-gcc, r-devel-windows-x86_64, r-patched-linux-x86_64, r-release-linux-x86_64, r-release-macos-arm64, r-release-macos-x86_64, r-release-windows-x86_64