Last updated on 2024-06-14 00:54:01 CEST.
Flavor | Version | Tinstall | Tcheck | Ttotal | Status | Flags |
---|---|---|---|---|---|---|
r-devel-linux-x86_64-debian-clang | 1.1.1 | 2.90 | 38.04 | 40.94 | OK | |
r-devel-linux-x86_64-debian-gcc | 1.1.1 | 0.34 | 1.74 | 2.08 | ERROR | |
r-devel-linux-x86_64-fedora-clang | 1.1.1 | 52.17 | OK | |||
r-devel-linux-x86_64-fedora-gcc | 1.1.1 | 49.37 | OK | |||
r-devel-windows-x86_64 | 1.1.1 | 5.00 | 58.00 | 63.00 | OK | |
r-patched-linux-x86_64 | 1.1.1 | 2.64 | 37.41 | 40.05 | OK | |
r-release-linux-x86_64 | 1.1.1 | 2.40 | 36.26 | 38.66 | OK | |
r-release-macos-arm64 | 1.1.1 | 20.00 | OK | |||
r-release-macos-x86_64 | 1.1.1 | 34.00 | OK | |||
r-release-windows-x86_64 | 1.1.1 | 5.00 | 59.00 | 64.00 | OK | |
r-oldrel-macos-arm64 | 1.1.1 | 24.00 | OK | |||
r-oldrel-macos-x86_64 | 1.1.1 | 32.00 | OK | |||
r-oldrel-windows-x86_64 | 1.1.1 | 6.00 | 58.00 | 64.00 | OK |
Version: 1.1.1
Check: package dependencies
Result: ERROR
Packages required but not available: 'devtools', 'testthat', 'usethis'
Package suggested but not available for checking: ‘roxygen2’
See section ‘The DESCRIPTION file’ in the ‘Writing R Extensions’
manual.
Flavor: r-devel-linux-x86_64-debian-gcc