Last updated on 2024-08-16 12:49:22 CEST.
Flavor | Version | Tinstall | Tcheck | Ttotal | Status | Flags |
---|---|---|---|---|---|---|
r-devel-linux-x86_64-debian-clang | 0.0.4 | 78.13 | 49.74 | 127.87 | OK | |
r-devel-linux-x86_64-debian-gcc | 0.0.4 | 62.75 | 37.09 | 99.84 | OK | |
r-devel-linux-x86_64-fedora-clang | 0.0.4 | 269.43 | OK | |||
r-devel-linux-x86_64-fedora-gcc | 0.0.4 | 291.25 | OK | |||
r-devel-windows-x86_64 | 0.0.4 | 117.00 | 129.00 | 246.00 | OK | |
r-patched-linux-x86_64 | 0.0.4 | 88.30 | 47.15 | 135.45 | OK | |
r-release-linux-x86_64 | 0.0.4 | 88.59 | 47.68 | 136.27 | OK | |
r-release-macos-arm64 | 0.0.4 | 70.00 | NOTE | |||
r-release-macos-x86_64 | 0.0.4 | 101.00 | NOTE | |||
r-release-windows-x86_64 | 0.0.4 | 118.00 | 129.00 | 247.00 | OK | |
r-oldrel-macos-arm64 | 0.0.4 | 73.00 | NOTE | |||
r-oldrel-macos-x86_64 | 0.0.4 | 87.00 | NOTE | |||
r-oldrel-windows-x86_64 | 0.0.4 | 134.00 | 141.00 | 275.00 | OK |
Version: 0.0.4
Check: installed package size
Result: NOTE
installed size is 27.4Mb
sub-directories of 1Mb or more:
libs 27.1Mb
Flavors: r-release-macos-arm64, r-release-macos-x86_64, r-oldrel-macos-arm64, r-oldrel-macos-x86_64