Last updated on 2024-08-16 12:49:22 CEST.
Flavor | Version | Tinstall | Tcheck | Ttotal | Status | Flags |
---|---|---|---|---|---|---|
r-devel-linux-x86_64-debian-clang | 1.1.0 | 44.70 | 434.67 | 479.37 | OK | |
r-devel-linux-x86_64-debian-gcc | 1.1.0 | 30.76 | 335.59 | 366.35 | OK | |
r-devel-linux-x86_64-fedora-clang | 1.1.0 | 754.83 | OK | |||
r-devel-linux-x86_64-fedora-gcc | 1.1.0 | 764.91 | OK | |||
r-devel-windows-x86_64 | 1.1.0 | 43.00 | 413.00 | 456.00 | OK | |
r-patched-linux-x86_64 | 1.1.0 | 42.37 | 408.87 | 451.24 | OK | |
r-release-linux-x86_64 | 1.1.0 | 43.09 | 415.29 | 458.38 | OK | |
r-release-macos-arm64 | 1.1.0 | 211.00 | NOTE | |||
r-release-macos-x86_64 | 1.1.0 | 299.00 | OK | |||
r-release-windows-x86_64 | 1.1.0 | 42.00 | 413.00 | 455.00 | OK | |
r-oldrel-macos-arm64 | 1.1.0 | 206.00 | NOTE | |||
r-oldrel-macos-x86_64 | 1.1.0 | 457.00 | OK | |||
r-oldrel-windows-x86_64 | 1.1.0 | 63.00 | 515.00 | 578.00 | OK |
Version: 1.1.0
Check: installed package size
Result: NOTE
installed size is 5.1Mb
sub-directories of 1Mb or more:
data 4.5Mb
Flavors: r-release-macos-arm64, r-oldrel-macos-arm64