Last updated on 2024-07-18 01:55:45 CEST.
Flavor | Version | Tinstall | Tcheck | Ttotal | Status | Flags |
---|---|---|---|---|---|---|
r-devel-linux-x86_64-debian-clang | 1.0.91 | 160.53 | 178.45 | 338.98 | NOTE | |
r-devel-linux-x86_64-debian-gcc | 1.0.91 | 139.50 | 138.76 | 278.26 | NOTE | |
r-devel-linux-x86_64-fedora-clang | 1.0.91 | 420.87 | NOTE | |||
r-devel-linux-x86_64-fedora-gcc | 1.0.91 | 530.65 | NOTE | |||
r-devel-windows-x86_64 | 1.0.91 | 130.00 | 151.00 | 281.00 | NOTE | |
r-patched-linux-x86_64 | 1.0.91 | 125.16 | 178.94 | 304.10 | NOTE | |
r-release-linux-x86_64 | 1.0.91 | 127.73 | 179.21 | 306.94 | NOTE | |
r-release-macos-arm64 | 1.0.91 | 105.00 | NOTE | |||
r-release-macos-x86_64 | 1.0.91 | 180.00 | NOTE | |||
r-release-windows-x86_64 | 1.0.91 | 129.00 | 157.00 | 286.00 | NOTE | |
r-oldrel-macos-arm64 | 1.0.91 | 84.00 | NOTE | |||
r-oldrel-macos-x86_64 | 1.0.91 | 214.00 | NOTE | |||
r-oldrel-windows-x86_64 | 1.0.91 | 169.00 | 187.00 | 356.00 | NOTE |
Version: 1.0.91
Check: for GNU extensions in Makefiles
Result: NOTE
GNU make is a SystemRequirements.
Flavors: r-devel-linux-x86_64-debian-clang, r-devel-linux-x86_64-debian-gcc, r-devel-linux-x86_64-fedora-clang, r-devel-linux-x86_64-fedora-gcc, r-devel-windows-x86_64, r-patched-linux-x86_64, r-release-linux-x86_64, r-release-macos-arm64, r-release-macos-x86_64, r-release-windows-x86_64, r-oldrel-macos-arm64, r-oldrel-macos-x86_64, r-oldrel-windows-x86_64
Version: 1.0.91
Check: installed package size
Result: NOTE
installed size is 47.0Mb
sub-directories of 1Mb or more:
libs 46.7Mb
Flavors: r-release-macos-arm64, r-release-macos-x86_64, r-oldrel-macos-arm64, r-oldrel-macos-x86_64