Last updated on 2024-08-16 12:49:23 CEST.
Flavor | Version | Tinstall | Tcheck | Ttotal | Status | Flags |
---|---|---|---|---|---|---|
r-devel-linux-x86_64-debian-clang | 0.1.0 | 2.08 | 19.53 | 21.61 | OK | |
r-devel-linux-x86_64-debian-gcc | 0.1.0 | 1.70 | 15.45 | 17.15 | OK | |
r-devel-linux-x86_64-fedora-clang | 0.1.0 | 34.50 | NOTE | |||
r-devel-linux-x86_64-fedora-gcc | 0.1.0 | 33.03 | NOTE | |||
r-devel-windows-x86_64 | 0.1.0 | 5.00 | 46.00 | 51.00 | OK | |
r-patched-linux-x86_64 | 0.1.0 | 2.13 | 18.73 | 20.86 | OK | |
r-release-linux-x86_64 | 0.1.0 | 2.17 | 18.70 | 20.87 | OK | |
r-release-macos-arm64 | 0.1.0 | 17.00 | OK | |||
r-release-macos-x86_64 | 0.1.0 | 22.00 | OK | |||
r-release-windows-x86_64 | 0.1.0 | 4.00 | 48.00 | 52.00 | OK | |
r-oldrel-macos-arm64 | 0.1.0 | 21.00 | OK | |||
r-oldrel-macos-x86_64 | 0.1.0 | 36.00 | OK | |||
r-oldrel-windows-x86_64 | 0.1.0 | 12.00 | 46.00 | 58.00 | OK |
Version: 0.1.0
Check: data for non-ASCII characters
Result: NOTE
Note: found 23 marked UTF-8 strings
Flavors: r-devel-linux-x86_64-fedora-clang, r-devel-linux-x86_64-fedora-gcc