Last updated on 2024-08-16 12:49:23 CEST.
Flavor | Version | Tinstall | Tcheck | Ttotal | Status | Flags |
---|---|---|---|---|---|---|
r-devel-linux-x86_64-debian-clang | 0.1.0 | 10.19 | 209.71 | 219.90 | NOTE | |
r-devel-linux-x86_64-debian-gcc | 0.1.0 | 7.10 | 152.34 | 159.44 | NOTE | |
r-devel-linux-x86_64-fedora-clang | 0.1.0 | 358.90 | NOTE | |||
r-devel-linux-x86_64-fedora-gcc | 0.1.0 | 373.08 | NOTE | |||
r-devel-windows-x86_64 | 0.1.0 | 12.00 | 224.00 | 236.00 | NOTE | |
r-patched-linux-x86_64 | 0.1.0 | 9.86 | 210.41 | 220.27 | NOTE | |
r-release-linux-x86_64 | 0.1.0 | 9.43 | 201.93 | 211.36 | NOTE | |
r-release-macos-arm64 | 0.1.0 | 110.00 | NOTE | |||
r-release-macos-x86_64 | 0.1.0 | 177.00 | NOTE | |||
r-release-windows-x86_64 | 0.1.0 | 11.00 | 228.00 | 239.00 | NOTE | |
r-oldrel-macos-arm64 | 0.1.0 | 102.00 | OK | |||
r-oldrel-macos-x86_64 | 0.1.0 | 274.00 | OK | |||
r-oldrel-windows-x86_64 | 0.1.0 | 16.00 | 274.00 | 290.00 | OK |
Version: 0.1.0
Check: Rd files
Result: NOTE
checkRd: (-1) trait_missing.Rd:17-18: Lost braces in \itemize; \value handles \item{}{} directly
checkRd: (-1) trait_missing.Rd:19-20: Lost braces in \itemize; \value handles \item{}{} directly
checkRd: (-1) trait_missing.Rd:21-22: Lost braces in \itemize; \value handles \item{}{} directly
checkRd: (-1) trait_missing.Rd:23-24: Lost braces in \itemize; \value handles \item{}{} directly
Flavors: r-devel-linux-x86_64-debian-clang, r-devel-linux-x86_64-debian-gcc, r-devel-linux-x86_64-fedora-clang, r-devel-linux-x86_64-fedora-gcc, r-devel-windows-x86_64, r-patched-linux-x86_64, r-release-linux-x86_64, r-release-macos-arm64, r-release-macos-x86_64, r-release-windows-x86_64