Last updated on 2024-08-16 12:49:23 CEST.
Flavor | Version | Tinstall | Tcheck | Ttotal | Status | Flags |
---|---|---|---|---|---|---|
r-devel-linux-x86_64-debian-clang | 0.1.4 | 9.66 | 90.36 | 100.02 | OK | |
r-devel-linux-x86_64-debian-gcc | 0.1.4 | 7.26 | 68.68 | 75.94 | OK | |
r-devel-linux-x86_64-fedora-clang | 0.1.4 | 165.06 | NOTE | |||
r-devel-linux-x86_64-fedora-gcc | 0.1.4 | 170.83 | NOTE | |||
r-devel-windows-x86_64 | 0.1.4 | 10.00 | 108.00 | 118.00 | OK | |
r-patched-linux-x86_64 | 0.1.4 | 8.45 | 86.09 | 94.54 | OK | |
r-release-linux-x86_64 | 0.1.4 | 8.22 | 86.86 | 95.08 | OK | |
r-release-macos-arm64 | 0.1.4 | 54.00 | OK | |||
r-release-macos-x86_64 | 0.1.4 | 83.00 | OK | |||
r-release-windows-x86_64 | 0.1.4 | 11.00 | 110.00 | 121.00 | OK | |
r-oldrel-macos-arm64 | 0.1.4 | 57.00 | OK | |||
r-oldrel-macos-x86_64 | 0.1.4 | 114.00 | OK | |||
r-oldrel-windows-x86_64 | 0.1.4 | 14.00 | 128.00 | 142.00 | OK |
Version: 0.1.4
Check: data for non-ASCII characters
Result: NOTE
Note: found 827 marked UTF-8 strings
Flavors: r-devel-linux-x86_64-fedora-clang, r-devel-linux-x86_64-fedora-gcc