Last updated on 2024-08-16 12:49:23 CEST.
Flavor | Version | Tinstall | Tcheck | Ttotal | Status | Flags |
---|---|---|---|---|---|---|
r-devel-linux-x86_64-debian-clang | 0.2.1 | 41.25 | 352.72 | 393.97 | OK | |
r-devel-linux-x86_64-debian-gcc | 0.2.1 | 26.30 | 257.61 | 283.91 | OK | |
r-devel-linux-x86_64-fedora-clang | 0.2.1 | 652.88 | OK | |||
r-devel-linux-x86_64-fedora-gcc | 0.2.1 | 627.29 | OK | |||
r-devel-windows-x86_64 | 0.2.1 | 38.00 | 300.00 | 338.00 | OK | |
r-patched-linux-x86_64 | 0.2.1 | 40.92 | 336.82 | 377.74 | OK | |
r-release-linux-x86_64 | 0.2.1 | 34.86 | 339.42 | 374.28 | OK | |
r-release-macos-arm64 | 0.2.1 | 186.00 | OK | |||
r-release-macos-x86_64 | 0.2.1 | 251.00 | OK | |||
r-release-windows-x86_64 | 0.2.1 | 38.00 | 301.00 | 339.00 | OK | |
r-oldrel-macos-arm64 | 0.2.1 | 11.00 | ERROR | |||
r-oldrel-macos-x86_64 | 0.2.1 | 12.00 | ERROR | |||
r-oldrel-windows-x86_64 | 0.2.1 | 54.00 | 401.00 | 455.00 | OK |
Version: 0.2.1
Check: package dependencies
Result: ERROR
Packages required but not available: 'csaw', 'HiCDOC'
See section ‘The DESCRIPTION file’ in the ‘Writing R Extensions’
manual.
Flavors: r-oldrel-macos-arm64, r-oldrel-macos-x86_64