Last updated on 2024-08-16 12:49:23 CEST.
Flavor | Version | Tinstall | Tcheck | Ttotal | Status | Flags |
---|---|---|---|---|---|---|
r-devel-linux-x86_64-debian-clang | 1.70.4 | 59.47 | 133.81 | 193.28 | NOTE | |
r-devel-linux-x86_64-debian-gcc | 1.70.4 | 45.98 | 89.14 | 135.12 | NOTE | |
r-devel-linux-x86_64-fedora-clang | 1.70.4 | 353.46 | NOTE | |||
r-devel-linux-x86_64-fedora-gcc | 1.70.4 | 363.57 | NOTE | |||
r-devel-windows-x86_64 | 1.70.4 | 71.00 | 201.00 | 272.00 | OK | |
r-patched-linux-x86_64 | 1.70.4 | 63.75 | 129.41 | 193.16 | OK | |
r-release-linux-x86_64 | 1.70.4 | 64.92 | 128.07 | 192.99 | OK | |
r-release-macos-arm64 | 1.70.4 | 105.00 | NOTE | |||
r-release-macos-x86_64 | 1.70.4 | 296.00 | NOTE | |||
r-release-windows-x86_64 | 1.70.4 | 71.00 | 200.00 | 271.00 | OK | |
r-oldrel-macos-arm64 | 1.70.4 | 153.00 | NOTE | |||
r-oldrel-macos-x86_64 | 1.70.4 | 250.00 | NOTE | |||
r-oldrel-windows-x86_64 | 1.70.4 | 82.00 | 232.00 | 314.00 | OK |
Version: 1.70.4
Check: package dependencies
Result: NOTE
Package suggested but not available for checking: ‘RPANDA’
Flavors: r-devel-linux-x86_64-debian-clang, r-devel-linux-x86_64-debian-gcc, r-devel-linux-x86_64-fedora-clang, r-devel-linux-x86_64-fedora-gcc
Version: 1.70.4
Check: installed package size
Result: NOTE
installed size is 8.4Mb
sub-directories of 1Mb or more:
doc 3.1Mb
libs 4.8Mb
Flavors: r-release-macos-arm64, r-release-macos-x86_64, r-oldrel-macos-arm64, r-oldrel-macos-x86_64