Last updated on 2024-07-18 01:55:46 CEST.
Flavor | Version | Tinstall | Tcheck | Ttotal | Status | Flags |
---|---|---|---|---|---|---|
r-devel-linux-x86_64-debian-clang | 1.2.2 | 5.55 | 49.26 | 54.81 | NOTE | |
r-devel-linux-x86_64-debian-gcc | 1.2.2 | 3.93 | 36.33 | 40.26 | NOTE | |
r-devel-linux-x86_64-fedora-clang | 1.2.2 | 68.17 | NOTE | |||
r-devel-linux-x86_64-fedora-gcc | 1.2.2 | 63.07 | NOTE | |||
r-devel-windows-x86_64 | 1.2.2 | 5.00 | 63.00 | 68.00 | NOTE | |
r-patched-linux-x86_64 | 1.2.2 | 6.12 | 46.93 | 53.05 | NOTE | |
r-release-linux-x86_64 | 1.2.2 | 4.89 | 46.53 | 51.42 | NOTE | |
r-release-macos-arm64 | 1.2.2 | 24.00 | NOTE | |||
r-release-macos-x86_64 | 1.2.2 | 36.00 | NOTE | |||
r-release-windows-x86_64 | 1.2.2 | 5.00 | 62.00 | 67.00 | NOTE | |
r-oldrel-macos-arm64 | 1.2.2 | 26.00 | NOTE | |||
r-oldrel-macos-x86_64 | 1.2.2 | 38.00 | NOTE | |||
r-oldrel-windows-x86_64 | 1.2.2 | 6.00 | 65.00 | 71.00 | NOTE |
Version: 1.2.2
Check: DESCRIPTION meta-information
Result: NOTE
Malformed Description field: should contain one or more complete sentences.
Flavors: r-devel-linux-x86_64-debian-clang, r-devel-linux-x86_64-debian-gcc, r-devel-linux-x86_64-fedora-clang, r-devel-linux-x86_64-fedora-gcc, r-devel-windows-x86_64, r-patched-linux-x86_64, r-release-linux-x86_64, r-release-macos-arm64, r-release-macos-x86_64, r-release-windows-x86_64, r-oldrel-macos-arm64, r-oldrel-macos-x86_64, r-oldrel-windows-x86_64