CRAN Package Check Results for Package tsibbletalk

Last updated on 2025-07-04 12:49:16 CEST.

Flavor Version Tinstall Tcheck Ttotal Status Flags
r-devel-linux-x86_64-debian-clang 0.1.0 10.21 75.45 85.66 OK
r-devel-linux-x86_64-debian-gcc 0.1.0 7.22 52.83 60.05 OK
r-devel-linux-x86_64-fedora-clang 0.1.0 135.58 NOTE
r-devel-linux-x86_64-fedora-gcc 0.1.0 123.32 NOTE
r-devel-windows-x86_64 0.1.0 14.00 80.00 94.00 OK
r-patched-linux-x86_64 0.1.0 11.01 67.25 78.26 OK
r-release-linux-x86_64 0.1.0 10.25 67.43 77.68 OK
r-release-macos-arm64 0.1.0 49.00 OK
r-release-macos-x86_64 0.1.0 62.00 OK
r-release-windows-x86_64 0.1.0 11.00 84.00 95.00 OK
r-oldrel-macos-arm64 0.1.0 36.00 OK
r-oldrel-macos-x86_64 0.1.0 71.00 OK
r-oldrel-windows-x86_64 0.1.0 15.00 101.00 116.00 OK

Check Details

Version: 0.1.0
Check: dependencies in R code
Result: NOTE Namespaces in Imports field not imported from: ‘R6’ ‘crosstalk’ All declared Imports should be used. Flavors: r-devel-linux-x86_64-fedora-clang, r-devel-linux-x86_64-fedora-gcc