CRAN Package Check Results for Package typed

Last updated on 2025-10-17 14:51:32 CEST.

Flavor Version Tinstall Tcheck Ttotal Status Flags
r-devel-linux-x86_64-debian-clang 0.0.1 2.34 27.44 29.78 OK
r-devel-linux-x86_64-debian-gcc 0.0.1 1.79 21.72 23.51 OK
r-devel-linux-x86_64-fedora-clang 0.0.1 44.71 OK
r-devel-linux-x86_64-fedora-gcc 0.0.1 40.59 OK
r-devel-windows-x86_64 0.0.1 4.00 43.00 47.00 OK
r-patched-linux-x86_64 0.0.1 2.21 24.63 26.84 OK
r-release-linux-x86_64 0.0.1 1.50 24.53 26.03 OK
r-release-macos-arm64 0.0.1 21.00 OK
r-release-macos-x86_64 0.0.1 28.00 OK
r-release-windows-x86_64 0.0.1 4.00 46.00 50.00 OK
r-oldrel-macos-arm64 0.0.1 18.00 NOTE
r-oldrel-macos-x86_64 0.0.1 25.00 NOTE
r-oldrel-windows-x86_64 0.0.1 4.00 50.00 54.00 NOTE

Check Details

Version: 0.0.1
Check: LazyData
Result: NOTE 'LazyData' is specified without a 'data' directory Flavors: r-oldrel-macos-arm64, r-oldrel-macos-x86_64, r-oldrel-windows-x86_64