Last updated on 2025-11-14 00:51:01 CET.
| Flavor | Version | Tinstall | Tcheck | Ttotal | Status | Flags |
|---|---|---|---|---|---|---|
| r-devel-linux-x86_64-debian-clang | 0.4 | 4.15 | 37.59 | 41.74 | NOTE | |
| r-devel-linux-x86_64-debian-gcc | 0.4 | 3.49 | 28.47 | 31.96 | NOTE | |
| r-devel-linux-x86_64-fedora-clang | 0.4 | 11.00 | 54.16 | 65.16 | NOTE | |
| r-devel-linux-x86_64-fedora-gcc | 0.4 | 11.00 | 64.63 | 75.63 | NOTE | |
| r-devel-windows-x86_64 | 0.4 | 6.00 | 59.00 | 65.00 | NOTE | |
| r-patched-linux-x86_64 | 0.4 | 5.35 | 35.76 | 41.11 | NOTE | |
| r-release-linux-x86_64 | 0.4 | 4.36 | 35.61 | 39.97 | NOTE | |
| r-release-macos-arm64 | 0.4 | 2.00 | 28.00 | 30.00 | NOTE | |
| r-release-macos-x86_64 | 0.4 | 4.00 | 54.00 | 58.00 | NOTE | |
| r-release-windows-x86_64 | 0.4 | 5.00 | 59.00 | 64.00 | NOTE | |
| r-oldrel-macos-arm64 | 0.4 | 2.00 | 26.00 | 28.00 | NOTE | |
| r-oldrel-macos-x86_64 | 0.4 | 5.00 | 57.00 | 62.00 | NOTE | |
| r-oldrel-windows-x86_64 | 0.4 | 8.00 | 67.00 | 75.00 | NOTE |
Version: 0.4
Check: Rd files
Result: NOTE
checkRd: (-1) simRedCard.Rd:22: Lost braces in \itemize; \value handles \item{}{} directly
checkRd: (-1) simRedCard.Rd:23: Lost braces in \itemize; \value handles \item{}{} directly
Flavors: r-devel-linux-x86_64-debian-clang, r-devel-linux-x86_64-debian-gcc, r-devel-linux-x86_64-fedora-clang, r-devel-linux-x86_64-fedora-gcc, r-devel-windows-x86_64, r-patched-linux-x86_64, r-release-linux-x86_64, r-release-macos-arm64, r-release-macos-x86_64, r-release-windows-x86_64, r-oldrel-macos-arm64, r-oldrel-macos-x86_64, r-oldrel-windows-x86_64
Version: 0.4
Check: LazyData
Result: NOTE
'LazyData' is specified without a 'data' directory
Flavors: r-oldrel-macos-arm64, r-oldrel-macos-x86_64, r-oldrel-windows-x86_64