CRAN Package Check Results for Package usdarnass

Last updated on 2025-11-13 12:54:28 CET.

Flavor Version Tinstall Tcheck Ttotal Status Flags
r-devel-linux-x86_64-debian-clang 0.1.0 1.86 28.41 30.27 OK
r-devel-linux-x86_64-debian-gcc 0.1.0 1.49 23.31 24.80 OK
r-devel-linux-x86_64-fedora-clang 0.1.0 45.21 OK
r-devel-linux-x86_64-fedora-gcc 0.1.0 56.72 OK
r-devel-windows-x86_64 0.1.0 4.00 46.00 50.00 OK
r-patched-linux-x86_64 0.1.0 1.71 26.22 27.93 OK
r-release-linux-x86_64 0.1.0 2.15 26.10 28.25 OK
r-release-macos-arm64 0.1.0 1.00 26.00 27.00 OK
r-release-macos-x86_64 0.1.0 2.00 42.00 44.00 OK
r-release-windows-x86_64 0.1.0 4.00 47.00 51.00 OK
r-oldrel-macos-arm64 0.1.0 1.00 24.00 25.00 NOTE
r-oldrel-macos-x86_64 0.1.0 2.00 33.00 35.00 NOTE
r-oldrel-windows-x86_64 0.1.0 5.00 53.00 58.00 NOTE

Check Details

Version: 0.1.0
Check: LazyData
Result: NOTE 'LazyData' is specified without a 'data' directory Flavors: r-oldrel-macos-arm64, r-oldrel-macos-x86_64, r-oldrel-windows-x86_64