Last updated on 2024-07-18 01:55:46 CEST.
Flavor | Version | Tinstall | Tcheck | Ttotal | Status | Flags |
---|---|---|---|---|---|---|
r-devel-linux-x86_64-debian-clang | 0.5.0 | 4.77 | 53.13 | 57.90 | OK | |
r-devel-linux-x86_64-debian-gcc | 0.5.0 | 4.24 | 39.05 | 43.29 | OK | |
r-devel-linux-x86_64-fedora-clang | 0.5.0 | 80.33 | NOTE | |||
r-devel-linux-x86_64-fedora-gcc | 0.5.0 | 67.53 | OK | |||
r-devel-windows-x86_64 | 0.5.0 | 6.00 | 65.00 | 71.00 | OK | |
r-patched-linux-x86_64 | 0.5.0 | 4.48 | 49.58 | 54.06 | OK | |
r-release-linux-x86_64 | 0.5.0 | 5.28 | 49.72 | 55.00 | OK | |
r-release-macos-arm64 | 0.5.0 | 24.00 | OK | |||
r-release-macos-x86_64 | 0.5.0 | 36.00 | OK | |||
r-release-windows-x86_64 | 0.5.0 | 7.00 | 64.00 | 71.00 | OK | |
r-oldrel-macos-arm64 | 0.5.0 | 29.00 | OK | |||
r-oldrel-macos-x86_64 | 0.5.0 | 66.00 | OK | |||
r-oldrel-windows-x86_64 | 0.5.0 | 8.00 | 71.00 | 79.00 | OK |
Version: 0.5.0
Check: Rd cross-references
Result: NOTE
Undeclared package ‘pROC’ in Rd xrefs
Flavor: r-devel-linux-x86_64-fedora-clang