Last updated on 2024-08-16 12:49:23 CEST.
Flavor | Version | Tinstall | Tcheck | Ttotal | Status | Flags |
---|---|---|---|---|---|---|
r-devel-linux-x86_64-debian-clang | 0.7.2 | 3.07 | 63.37 | 66.44 | OK | |
r-devel-linux-x86_64-debian-gcc | 0.7.2 | 2.45 | 40.92 | 43.37 | OK | |
r-devel-linux-x86_64-fedora-clang | 0.7.2 | 110.82 | NOTE | |||
r-devel-linux-x86_64-fedora-gcc | 0.7.2 | 125.87 | NOTE | |||
r-devel-windows-x86_64 | 0.7.2 | 4.00 | 85.00 | 89.00 | OK | |
r-patched-linux-x86_64 | 0.7.2 | 3.18 | 59.34 | 62.52 | OK | |
r-release-linux-x86_64 | 0.7.2 | 3.16 | 59.97 | 63.13 | OK | |
r-release-macos-arm64 | 0.7.2 | 40.00 | OK | |||
r-release-macos-x86_64 | 0.7.2 | 52.00 | OK | |||
r-release-windows-x86_64 | 0.7.2 | 4.00 | 85.00 | 89.00 | OK | |
r-oldrel-macos-arm64 | 0.7.2 | 38.00 | OK | |||
r-oldrel-macos-x86_64 | 0.7.2 | 67.00 | OK | |||
r-oldrel-windows-x86_64 | 0.7.2 | 5.00 | 92.00 | 97.00 | OK |
Version: 0.7.2
Check: dependencies in R code
Result: NOTE
Namespace in Imports field not imported from: ‘testthat’
All declared Imports should be used.
Flavors: r-devel-linux-x86_64-fedora-clang, r-devel-linux-x86_64-fedora-gcc