Last updated on 2025-11-14 12:50:28 CET.
| Flavor | Version | Tinstall | Tcheck | Ttotal | Status | Flags |
|---|---|---|---|---|---|---|
| r-devel-linux-x86_64-debian-clang | 1.5.4.07 | 17.24 | 130.84 | 148.08 | NOTE | |
| r-devel-linux-x86_64-debian-gcc | 1.5.4.07 | 12.06 | 94.04 | 106.10 | NOTE | |
| r-devel-linux-x86_64-fedora-clang | 1.5.4.07 | 85.00 | 164.73 | 249.73 | OK | |
| r-devel-linux-x86_64-fedora-gcc | 1.5.4.07 | 76.00 | 163.95 | 239.95 | OK | |
| r-devel-windows-x86_64 | 1.5.4.07 | 19.00 | 129.00 | 148.00 | NOTE | |
| r-patched-linux-x86_64 | 1.5.4.07 | 18.24 | 124.17 | 142.41 | OK | |
| r-release-linux-x86_64 | 1.5.4.07 | 15.75 | 123.17 | 138.92 | OK | |
| r-release-macos-arm64 | 1.5.4.07 | 7.00 | 46.00 | 53.00 | OK | |
| r-release-macos-x86_64 | 1.5.4.07 | 16.00 | 96.00 | 112.00 | OK | |
| r-release-windows-x86_64 | 1.5.4.07 | 20.00 | 130.00 | 150.00 | OK | |
| r-oldrel-macos-arm64 | 1.5.4.07 | 8.00 | 49.00 | 57.00 | OK | |
| r-oldrel-macos-x86_64 | 1.5.4.07 | 16.00 | 100.00 | 116.00 | OK | |
| r-oldrel-windows-x86_64 | 1.5.4.07 | 27.00 | 168.00 | 195.00 | OK |
Version: 1.5.4.07
Check: Rd files
Result: NOTE
checkRd: (-1) Defendants2025.Rd:9-21: Only 2 columns allowed in this table (row 1 has 1)
checkRd: (-1) GSS2014.Rd:9-686: Only 2 columns allowed in this table (row 1 has 1)
checkRd: (-1) UCR2015.Rd:9-112: Only 2 columns allowed in this table (row 1 has 1)
checkRd: (-1) WBBN2019.Rd:9-33: Only 2 columns allowed in this table (row 1 has 1)
checkRd: (-1) howell_aids_long.Rd:9-13: Only 2 columns allowed in this table (row 1 has 1)
checkRd: (-1) howell_aids_wide.Rd:9-14: Only 2 columns allowed in this table (row 1 has 1)
Flavors: r-devel-linux-x86_64-debian-clang, r-devel-linux-x86_64-debian-gcc, r-devel-windows-x86_64