Last updated on 2024-08-16 12:49:23 CEST.
Flavor | Version | Tinstall | Tcheck | Ttotal | Status | Flags |
---|---|---|---|---|---|---|
r-devel-linux-x86_64-debian-clang | 0.1.8 | 13.97 | 121.18 | 135.15 | NOTE | |
r-devel-linux-x86_64-debian-gcc | 0.1.8 | 9.10 | 84.80 | 93.90 | NOTE | |
r-devel-linux-x86_64-fedora-clang | 0.1.8 | 209.15 | NOTE | |||
r-devel-linux-x86_64-fedora-gcc | 0.1.8 | 208.00 | NOTE | |||
r-devel-windows-x86_64 | 0.1.8 | 14.00 | 139.00 | 153.00 | NOTE | |
r-patched-linux-x86_64 | 0.1.8 | 21.73 | 113.78 | 135.51 | OK | |
r-release-linux-x86_64 | 0.1.8 | 13.32 | 116.15 | 129.47 | OK | |
r-release-macos-arm64 | 0.1.8 | 55.00 | OK | |||
r-release-macos-x86_64 | 0.1.8 | 80.00 | OK | |||
r-release-windows-x86_64 | 0.1.8 | 14.00 | 136.00 | 150.00 | OK | |
r-oldrel-macos-arm64 | 0.1.8 | 61.00 | OK | |||
r-oldrel-macos-x86_64 | 0.1.8 | 106.00 | OK | |||
r-oldrel-windows-x86_64 | 0.1.8 | 19.00 | 170.00 | 189.00 | OK |
Version: 0.1.8
Check: Rd cross-references
Result: NOTE
Found the following Rd file(s) with Rd \link{} targets missing package
anchors:
count_taxa.Rd: taxlist-class
make_cocktail.Rd: taxlist-class
subset.Rd: taxlist-class
summary.Rd: taxlist-class
tv2vegtable.Rd: taxlist-class, read.dbf
used_synonyms.Rd: get_children, get_parents, taxlist-class,
accepted_name
vegtable-class.Rd: taxlist-class
Please provide package anchors for all Rd \link{} targets not in the
package itself and the base packages.
Flavors: r-devel-linux-x86_64-debian-clang, r-devel-linux-x86_64-debian-gcc, r-devel-windows-x86_64
Version: 0.1.8
Check: data for non-ASCII characters
Result: NOTE
Note: found 128 marked UTF-8 strings
Flavors: r-devel-linux-x86_64-fedora-clang, r-devel-linux-x86_64-fedora-gcc