Last updated on 2025-11-06 00:50:57 CET.
| Flavor | Version | Tinstall | Tcheck | Ttotal | Status | Flags |
|---|---|---|---|---|---|---|
| r-devel-linux-x86_64-debian-clang | 0.16.1 | 11.78 | 229.19 | 240.97 | OK | |
| r-devel-linux-x86_64-debian-gcc | 0.16.1 | 8.00 | 151.22 | 159.22 | OK | |
| r-devel-linux-x86_64-fedora-clang | 0.16.1 | 50.00 | 338.98 | 388.98 | NOTE | |
| r-devel-linux-x86_64-fedora-gcc | 0.16.1 | 23.00 | 340.03 | 363.03 | NOTE | |
| r-devel-windows-x86_64 | 0.16.1 | 13.00 | 208.00 | 221.00 | OK | |
| r-patched-linux-x86_64 | 0.16.1 | 12.00 | 210.45 | 222.45 | OK | |
| r-release-linux-x86_64 | 0.16.1 | 10.86 | 210.82 | 221.68 | OK | |
| r-release-macos-arm64 | 0.16.1 | 5.00 | 97.00 | 102.00 | OK | |
| r-release-macos-x86_64 | 0.16.1 | 11.00 | 195.00 | 206.00 | OK | |
| r-release-windows-x86_64 | 0.16.1 | 12.00 | 214.00 | 226.00 | OK | |
| r-oldrel-macos-arm64 | 0.16.1 | 5.00 | 94.00 | 99.00 | OK | |
| r-oldrel-macos-x86_64 | 0.16.1 | 11.00 | 177.00 | 188.00 | OK | |
| r-oldrel-windows-x86_64 | 0.16.1 | 20.00 | 277.00 | 297.00 | OK |
Version: 0.16.1
Check: dependencies in R code
Result: NOTE
Namespace in Imports field not imported from: ‘fst’
All declared Imports should be used.
Flavors: r-devel-linux-x86_64-fedora-clang, r-devel-linux-x86_64-fedora-gcc