Last updated on 2024-08-16 12:49:23 CEST.
Flavor | Version | Tinstall | Tcheck | Ttotal | Status | Flags |
---|---|---|---|---|---|---|
r-devel-linux-x86_64-debian-clang | 2.3.3 | 7.66 | 256.30 | 263.96 | NOTE | |
r-devel-linux-x86_64-debian-gcc | 2.3.3 | 4.95 | 186.11 | 191.06 | NOTE | |
r-devel-linux-x86_64-fedora-clang | 2.3.3 | 408.97 | NOTE | |||
r-devel-linux-x86_64-fedora-gcc | 2.3.3 | 422.97 | NOTE | |||
r-devel-windows-x86_64 | 2.3.3 | 9.00 | 282.00 | 291.00 | NOTE | |
r-patched-linux-x86_64 | 2.3.3 | 9.53 | 237.37 | 246.90 | NOTE | |
r-release-linux-x86_64 | 2.3.3 | 6.45 | 248.69 | 255.14 | NOTE | |
r-release-macos-arm64 | 2.3.3 | 133.00 | NOTE | |||
r-release-macos-x86_64 | 2.3.3 | 221.00 | NOTE | |||
r-release-windows-x86_64 | 2.3.3 | 11.00 | 283.00 | 294.00 | NOTE | |
r-oldrel-macos-arm64 | 2.3.3 | 135.00 | OK | |||
r-oldrel-macos-x86_64 | 2.3.3 | 327.00 | OK | |||
r-oldrel-windows-x86_64 | 2.3.3 | 12.00 | 320.00 | 332.00 | OK |
Version: 2.3.3
Check: Rd files
Result: NOTE
checkRd: (-1) average_vim.Rd:18: Lost braces in \itemize; \value handles \item{}{} directly
checkRd: (-1) average_vim.Rd:19: Lost braces in \itemize; \value handles \item{}{} directly
checkRd: (-1) average_vim.Rd:20: Lost braces in \itemize; \value handles \item{}{} directly
checkRd: (-1) average_vim.Rd:21: Lost braces in \itemize; \value handles \item{}{} directly
checkRd: (-1) average_vim.Rd:22: Lost braces in \itemize; \value handles \item{}{} directly
checkRd: (-1) average_vim.Rd:23: Lost braces in \itemize; \value handles \item{}{} directly
checkRd: (-1) average_vim.Rd:24: Lost braces in \itemize; \value handles \item{}{} directly
checkRd: (-1) average_vim.Rd:25: Lost braces in \itemize; \value handles \item{}{} directly
checkRd: (-1) average_vim.Rd:26: Lost braces in \itemize; \value handles \item{}{} directly
checkRd: (-1) average_vim.Rd:27: Lost braces in \itemize; \value handles \item{}{} directly
checkRd: (-1) average_vim.Rd:28: Lost braces in \itemize; \value handles \item{}{} directly
checkRd: (-1) average_vim.Rd:29: Lost braces in \itemize; \value handles \item{}{} directly
checkRd: (-1) merge_vim.Rd:16: Lost braces in \itemize; \value handles \item{}{} directly
checkRd: (-1) merge_vim.Rd:17: Lost braces in \itemize; \value handles \item{}{} directly
checkRd: (-1) merge_vim.Rd:18: Lost braces in \itemize; \value handles \item{}{} directly
checkRd: (-1) merge_vim.Rd:19: Lost braces in \itemize; \value handles \item{}{} directly
checkRd: (-1) merge_vim.Rd:20: Lost braces in \itemize; \value handles \item{}{} directly
checkRd: (-1) merge_vim.Rd:21: Lost braces in \itemize; \value handles \item{}{} directly
checkRd: (-1) merge_vim.Rd:22: Lost braces in \itemize; \value handles \item{}{} directly
checkRd: (-1) merge_vim.Rd:23: Lost braces in \itemize; \value handles \item{}{} directly
checkRd: (-1) merge_vim.Rd:24: Lost braces in \itemize; \value handles \item{}{} directly
checkRd: (-1) merge_vim.Rd:25: Lost braces in \itemize; \value handles \item{}{} directly
checkRd: (-1) merge_vim.Rd:26: Lost braces in \itemize; \value handles \item{}{} directly
checkRd: (-1) merge_vim.Rd:27: Lost braces in \itemize; \value handles \item{}{} directly
checkRd: (-1) merge_vim.Rd:28: Lost braces in \itemize; \value handles \item{}{} directly
Flavors: r-devel-linux-x86_64-debian-clang, r-devel-linux-x86_64-debian-gcc, r-devel-linux-x86_64-fedora-clang, r-devel-linux-x86_64-fedora-gcc, r-devel-windows-x86_64, r-patched-linux-x86_64, r-release-linux-x86_64, r-release-macos-arm64, r-release-macos-x86_64, r-release-windows-x86_64
Version: 2.3.3
Check: Rd cross-references
Result: NOTE
Found the following Rd file(s) with Rd \link{} targets missing package
anchors:
bootstrap_se.Rd: boot
cv_vim.Rd: boot
vim.Rd: boot
Please provide package anchors for all Rd \link{} targets not in the
package itself and the base packages.
Flavors: r-devel-linux-x86_64-debian-clang, r-devel-linux-x86_64-debian-gcc, r-devel-windows-x86_64