Last updated on 2024-07-18 01:55:46 CEST.
Flavor | Version | Tinstall | Tcheck | Ttotal | Status | Flags |
---|---|---|---|---|---|---|
r-devel-linux-x86_64-debian-clang | 1.1.5 | 15.53 | 131.69 | 147.22 | OK | |
r-devel-linux-x86_64-debian-gcc | 1.1.5 | 10.45 | 95.19 | 105.64 | OK | |
r-devel-linux-x86_64-fedora-clang | 1.1.5 | 163.68 | NOTE | |||
r-devel-linux-x86_64-fedora-gcc | 1.1.5 | 151.75 | NOTE | |||
r-devel-windows-x86_64 | 1.1.5 | 16.00 | 116.00 | 132.00 | NOTE | |
r-patched-linux-x86_64 | 1.1.5 | 17.51 | 123.97 | 141.48 | OK | |
r-release-linux-x86_64 | 1.1.5 | 14.27 | 124.34 | 138.61 | OK | |
r-release-macos-arm64 | 1.1.5 | 50.00 | OK | |||
r-release-macos-x86_64 | 1.1.5 | 93.00 | OK | |||
r-release-windows-x86_64 | 1.1.5 | 16.00 | 118.00 | 134.00 | OK | |
r-oldrel-macos-arm64 | 1.1.5 | 55.00 | OK | |||
r-oldrel-macos-x86_64 | 1.1.5 | 89.00 | OK | |||
r-oldrel-windows-x86_64 | 1.1.5 | 19.00 | 143.00 | 162.00 | OK |
Version: 1.1.5
Check: compiled code
Result: NOTE
File ‘vines/libs/vines.so’:
Found no call to: ‘R_useDynamicSymbols’
It is good practice to register native routines and to disable symbol
search.
See ‘Writing portable packages’ in the ‘Writing R Extensions’ manual.
Flavors: r-devel-linux-x86_64-fedora-clang, r-devel-linux-x86_64-fedora-gcc
Version: 1.1.5
Check: Rd cross-references
Result: NOTE
Found the following Rd file(s) with Rd \link{} targets missing package
anchors:
Vine-class.Rd: copula-class
Vine-distribution.Rd: cubature
h-methods.Rd: copula-class
hinverse-methods.Rd: copula-class
vineFit.Rd: copula-class
vineOrder.Rd: solve_TSP
vineParameters.Rd: copula-class
Please provide package anchors for all Rd \link{} targets not in the
package itself and the base packages.
Flavor: r-devel-windows-x86_64