Last updated on 2024-06-14 13:56:36 CEST.
Flavor | Version | Tinstall | Tcheck | Ttotal | Status | Flags |
---|---|---|---|---|---|---|
r-devel-linux-x86_64-debian-clang | 1.1.5 | 17.28 | 128.85 | 146.13 | OK | |
r-devel-linux-x86_64-debian-gcc | 1.1.5 | 10.33 | 94.56 | 104.89 | OK | |
r-devel-linux-x86_64-fedora-clang | 1.1.5 | 184.42 | NOTE | |||
r-devel-linux-x86_64-fedora-gcc | 1.1.5 | 167.67 | NOTE | |||
r-devel-windows-x86_64 | 1.1.5 | 15.00 | 116.00 | 131.00 | OK | |
r-patched-linux-x86_64 | 1.1.5 | 20.35 | 124.79 | 145.14 | OK | |
r-release-linux-x86_64 | 1.1.5 | 13.08 | 121.81 | 134.89 | OK | |
r-release-macos-arm64 | 1.1.5 | 50.00 | OK | |||
r-release-macos-x86_64 | 1.1.5 | 93.00 | OK | |||
r-release-windows-x86_64 | 1.1.5 | 16.00 | 116.00 | 132.00 | OK | |
r-oldrel-macos-arm64 | 1.1.5 | 55.00 | OK | |||
r-oldrel-macos-x86_64 | 1.1.5 | 89.00 | OK | |||
r-oldrel-windows-x86_64 | 1.1.5 | 19.00 | 142.00 | 161.00 | OK |
Version: 1.1.5
Check: compiled code
Result: NOTE
File ‘vines/libs/vines.so’:
Found no call to: ‘R_useDynamicSymbols’
It is good practice to register native routines and to disable symbol
search.
See ‘Writing portable packages’ in the ‘Writing R Extensions’ manual.
Flavors: r-devel-linux-x86_64-fedora-clang, r-devel-linux-x86_64-fedora-gcc