Last updated on 2024-06-14 00:54:04 CEST.
Flavor | Version | Tinstall | Tcheck | Ttotal | Status | Flags |
---|---|---|---|---|---|---|
r-devel-linux-x86_64-debian-clang | 2.7.0 | 6.41 | 53.63 | 60.04 | OK | |
r-devel-linux-x86_64-debian-gcc | 2.7.0 | 4.42 | 39.97 | 44.39 | NOTE | |
r-devel-linux-x86_64-fedora-clang | 2.7.0 | 77.27 | OK | |||
r-devel-linux-x86_64-fedora-gcc | 2.7.0 | 84.65 | OK | |||
r-devel-windows-x86_64 | 2.7.0 | 5.00 | 59.00 | 64.00 | OK | |
r-patched-linux-x86_64 | 2.7.0 | 5.14 | 52.70 | 57.84 | OK | |
r-release-linux-x86_64 | 2.7.0 | 4.93 | 51.79 | 56.72 | OK | |
r-release-macos-arm64 | 2.7.0 | 30.00 | OK | |||
r-release-macos-x86_64 | 2.7.0 | 44.00 | OK | |||
r-release-windows-x86_64 | 2.7.0 | 5.00 | 60.00 | 65.00 | OK | |
r-oldrel-macos-arm64 | 2.7.0 | 29.00 | OK | |||
r-oldrel-macos-x86_64 | 2.7.0 | 47.00 | OK | |||
r-oldrel-windows-x86_64 | 2.7.0 | 7.00 | 66.00 | 73.00 | OK |
Version: 2.7.0
Check: package dependencies
Result: NOTE
Package suggested but not available for checking: ‘ggplot2’
Flavor: r-devel-linux-x86_64-debian-gcc