Last updated on 2025-11-13 12:54:28 CET.
| Flavor | Version | Tinstall | Tcheck | Ttotal | Status | Flags |
|---|---|---|---|---|---|---|
| r-devel-linux-x86_64-debian-clang | 0.1.0 | 18.28 | 142.75 | 161.03 | OK | |
| r-devel-linux-x86_64-debian-gcc | 0.1.0 | 12.13 | 100.83 | 112.96 | OK | |
| r-devel-linux-x86_64-fedora-clang | 0.1.0 | 128.00 | 128.34 | 256.34 | OK | |
| r-devel-linux-x86_64-fedora-gcc | 0.1.0 | 32.00 | 196.80 | 228.80 | OK | |
| r-devel-windows-x86_64 | 0.1.0 | 19.00 | 131.00 | 150.00 | OK | |
| r-patched-linux-x86_64 | 0.1.0 | 16.30 | 132.07 | 148.37 | OK | |
| r-release-linux-x86_64 | 0.1.0 | 16.06 | 132.46 | 148.52 | OK | |
| r-release-macos-arm64 | 0.1.0 | 8.00 | 60.00 | 68.00 | OK | |
| r-release-macos-x86_64 | 0.1.0 | 17.00 | 119.00 | 136.00 | OK | |
| r-release-windows-x86_64 | 0.1.0 | 18.00 | 132.00 | 150.00 | OK | |
| r-oldrel-macos-arm64 | 0.1.0 | 10.00 | 63.00 | 73.00 | NOTE | |
| r-oldrel-macos-x86_64 | 0.1.0 | 19.00 | 123.00 | 142.00 | NOTE | |
| r-oldrel-windows-x86_64 | 0.1.0 | 24.00 | 165.00 | 189.00 | OK |
Version: 0.1.0
Check: installed package size
Result: NOTE
installed size is 5.4Mb
sub-directories of 1Mb or more:
data 5.3Mb
Flavors: r-oldrel-macos-arm64, r-oldrel-macos-x86_64