Last updated on 2025-11-13 12:54:29 CET.
| Flavor | Version | Tinstall | Tcheck | Ttotal | Status | Flags |
|---|---|---|---|---|---|---|
| r-devel-linux-x86_64-debian-clang | 0.3.2 | 9.39 | 129.87 | 139.26 | NOTE | |
| r-devel-linux-x86_64-debian-gcc | 0.3.2 | 6.87 | 83.93 | 90.80 | NOTE | |
| r-devel-linux-x86_64-fedora-clang | 0.3.2 | 19.00 | 199.28 | 218.28 | OK | |
| r-devel-linux-x86_64-fedora-gcc | 0.3.2 | 20.00 | 200.12 | 220.12 | OK | |
| r-devel-windows-x86_64 | 0.3.2 | 13.00 | 126.00 | 139.00 | OK | |
| r-patched-linux-x86_64 | 0.3.2 | 9.42 | 124.48 | 133.90 | OK | |
| r-release-linux-x86_64 | 0.3.2 | 9.46 | 125.77 | 135.23 | OK | |
| r-release-macos-arm64 | 0.3.2 | 5.00 | 60.00 | 65.00 | OK | |
| r-release-macos-x86_64 | 0.3.2 | 9.00 | 129.00 | 138.00 | OK | |
| r-release-windows-x86_64 | 0.3.2 | 10.00 | 128.00 | 138.00 | OK | |
| r-oldrel-macos-arm64 | 0.3.2 | 4.00 | 56.00 | 60.00 | OK | |
| r-oldrel-macos-x86_64 | 0.3.2 | 6.00 | 92.00 | 98.00 | OK | |
| r-oldrel-windows-x86_64 | 0.3.2 | 14.00 | 163.00 | 177.00 | OK |
Version: 0.3.2
Check: CRAN incoming feasibility
Result: NOTE
Maintainer: ‘Pablo J. Villacorta <pjvi@decsai.ugr.es>’
No Authors@R field in DESCRIPTION.
Please add one, modifying
Authors@R: person(given = c("Pablo", "J."),
family = "Villacorta",
role = c("aut", "cre"),
email = "pjvi@decsai.ugr.es")
as necessary.
Flavors: r-devel-linux-x86_64-debian-clang, r-devel-linux-x86_64-debian-gcc