Last updated on 2024-06-14 13:56:36 CEST.
Flavor | Version | Tinstall | Tcheck | Ttotal | Status | Flags |
---|---|---|---|---|---|---|
r-devel-linux-x86_64-debian-clang | 1.11.0.1 | 19.49 | 335.08 | 354.57 | OK | |
r-devel-linux-x86_64-debian-gcc | 1.11.0.1 | 15.34 | 252.99 | 268.33 | OK | |
r-devel-linux-x86_64-fedora-clang | 1.11.0.1 | 463.26 | NOTE | |||
r-devel-linux-x86_64-fedora-gcc | 1.11.0.1 | 471.56 | OK | |||
r-devel-windows-x86_64 | 1.11.0.1 | 17.00 | 201.00 | 218.00 | NOTE | |
r-patched-linux-x86_64 | 1.11.0.1 | 24.26 | 330.91 | 355.17 | OK | |
r-release-linux-x86_64 | 1.11.0.1 | 20.75 | 332.18 | 352.93 | OK | |
r-release-macos-arm64 | 1.11.0.1 | 87.00 | NOTE | |||
r-release-macos-x86_64 | 1.11.0.1 | 148.00 | NOTE | |||
r-release-windows-x86_64 | 1.11.0.1 | 18.00 | 202.00 | 220.00 | NOTE | |
r-oldrel-macos-arm64 | 1.11.0.1 | 86.00 | NOTE | |||
r-oldrel-macos-x86_64 | 1.11.0.1 | 169.00 | NOTE | |||
r-oldrel-windows-x86_64 | 1.11.0.1 | 23.00 | 230.00 | 253.00 | NOTE |
Version: 1.11.0.1
Check: installed package size
Result: NOTE
installed size is 7.0Mb
sub-directories of 1Mb or more:
doc 3.5Mb
extdata 2.5Mb
Flavors: r-devel-linux-x86_64-fedora-clang, r-devel-windows-x86_64, r-release-macos-arm64, r-release-macos-x86_64, r-release-windows-x86_64, r-oldrel-macos-arm64, r-oldrel-macos-x86_64, r-oldrel-windows-x86_64
Version: 1.11.0.1
Check: package dependencies
Result: NOTE
Package suggested but not available for checking: ‘ROTS’
Flavors: r-oldrel-macos-arm64, r-oldrel-macos-x86_64