Last updated on 2025-11-14 12:50:29 CET.
| Flavor | Version | Tinstall | Tcheck | Ttotal | Status | Flags |
|---|---|---|---|---|---|---|
| r-devel-linux-x86_64-debian-clang | 0.1.3 | 113.00 | 67.56 | 180.56 | OK | |
| r-devel-linux-x86_64-debian-gcc | 0.1.3 | 70.40 | 46.48 | 116.88 | OK | |
| r-devel-linux-x86_64-fedora-clang | 0.1.3 | 221.00 | 131.21 | 352.21 | OK | |
| r-devel-linux-x86_64-fedora-gcc | 0.1.3 | 181.00 | 119.51 | 300.51 | OK | |
| r-devel-windows-x86_64 | 0.1.3 | 132.00 | 101.00 | 233.00 | OK | |
| r-patched-linux-x86_64 | 0.1.3 | 107.58 | 62.21 | 169.79 | OK | |
| r-release-linux-x86_64 | 0.1.3 | 103.07 | 62.37 | 165.44 | OK | |
| r-release-macos-arm64 | 0.1.3 | 40.00 | 32.00 | 72.00 | OK | |
| r-release-macos-x86_64 | 0.1.3 | 44.00 | 60.00 | 104.00 | OK | |
| r-release-windows-x86_64 | 0.1.3 | 127.00 | 104.00 | 231.00 | OK | |
| r-oldrel-macos-arm64 | 0.1.3 | 41.00 | 37.00 | 78.00 | NOTE | |
| r-oldrel-macos-x86_64 | 0.1.3 | 41.00 | 59.00 | 100.00 | NOTE | |
| r-oldrel-windows-x86_64 | 0.1.3 | 157.00 | 131.00 | 288.00 | OK |
Version: 0.1.3
Check: installed package size
Result: NOTE
installed size is 7.5Mb
sub-directories of 1Mb or more:
libs 6.6Mb
Flavors: r-oldrel-macos-arm64, r-oldrel-macos-x86_64