Last updated on 2024-08-16 12:49:24 CEST.
Flavor | Version | Tinstall | Tcheck | Ttotal | Status | Flags |
---|---|---|---|---|---|---|
r-devel-linux-x86_64-debian-clang | 2.0.0 | 9.73 | 189.74 | 199.47 | NOTE | |
r-devel-linux-x86_64-debian-gcc | 2.0.0 | 7.88 | 118.66 | 126.54 | NOTE | |
r-devel-linux-x86_64-fedora-clang | 2.0.0 | 320.32 | OK | |||
r-devel-linux-x86_64-fedora-gcc | 2.0.0 | 352.39 | OK | |||
r-devel-windows-x86_64 | 2.0.0 | 11.00 | 209.00 | 220.00 | NOTE | |
r-patched-linux-x86_64 | 2.0.0 | 13.26 | 188.26 | 201.52 | OK | |
r-release-linux-x86_64 | 2.0.0 | 9.47 | 191.87 | 201.34 | OK | |
r-release-macos-arm64 | 2.0.0 | 103.00 | OK | |||
r-release-macos-x86_64 | 2.0.0 | 164.00 | OK | |||
r-release-windows-x86_64 | 2.0.0 | 11.00 | 207.00 | 218.00 | OK | |
r-oldrel-macos-arm64 | 2.0.0 | 106.00 | OK | |||
r-oldrel-macos-x86_64 | 2.0.0 | 421.00 | OK | |||
r-oldrel-windows-x86_64 | 2.0.0 | 14.00 | 259.00 | 273.00 | OK |
Version: 2.0.0
Check: Rd cross-references
Result: NOTE
Found the following Rd file(s) with Rd \link{} targets missing package
anchors:
estimateVariance.Rd: selectiveInference
xtune.Rd: glmnet
Please provide package anchors for all Rd \link{} targets not in the
package itself and the base packages.
Flavors: r-devel-linux-x86_64-debian-clang, r-devel-linux-x86_64-debian-gcc, r-devel-windows-x86_64