Last updated on 2024-08-16 12:49:24 CEST.
Flavor | Version | Tinstall | Tcheck | Ttotal | Status | Flags |
---|---|---|---|---|---|---|
r-devel-linux-x86_64-debian-clang | 1.3.1 | 11.24 | 181.97 | 193.21 | NOTE | |
r-devel-linux-x86_64-debian-gcc | 1.3.1 | 7.17 | 107.85 | 115.02 | NOTE | |
r-devel-linux-x86_64-fedora-clang | 1.3.1 | 316.83 | NOTE | |||
r-devel-linux-x86_64-fedora-gcc | 1.3.1 | 332.87 | OK | |||
r-devel-windows-x86_64 | 1.3.1 | 17.00 | 205.00 | 222.00 | NOTE | |
r-patched-linux-x86_64 | 1.3.1 | 15.52 | 172.34 | 187.86 | OK | |
r-release-linux-x86_64 | 1.3.1 | 11.88 | 174.74 | 186.62 | OK | |
r-release-macos-arm64 | 1.3.1 | 88.00 | OK | |||
r-release-macos-x86_64 | 1.3.1 | 157.00 | OK | |||
r-release-windows-x86_64 | 1.3.1 | 17.00 | 201.00 | 218.00 | OK | |
r-oldrel-macos-arm64 | 1.3.1 | 89.00 | OK | |||
r-oldrel-macos-x86_64 | 1.3.1 | 219.00 | OK | |||
r-oldrel-windows-x86_64 | 1.3.1 | 20.00 | 261.00 | 281.00 | OK |
Version: 1.3.1
Check: Rd cross-references
Result: NOTE
Found the following Rd file(s) with Rd \link{} targets missing package
anchors:
lung_surv.Rd: lung
Please provide package anchors for all Rd \link{} targets not in the
package itself and the base packages.
Flavors: r-devel-linux-x86_64-debian-clang, r-devel-linux-x86_64-debian-gcc, r-devel-windows-x86_64
Version: 1.3.1
Check: Rd cross-references
Result: NOTE
Undeclared package ‘parsnip’ in Rd xrefs
Flavor: r-devel-linux-x86_64-fedora-clang