Last updated on 2024-08-16 12:49:24 CEST.
Flavor | Version | Tinstall | Tcheck | Ttotal | Status | Flags |
---|---|---|---|---|---|---|
r-devel-linux-x86_64-debian-clang | 1.0.1 | 4.54 | 49.24 | 53.78 | OK | |
r-devel-linux-x86_64-debian-gcc | 1.0.1 | 3.47 | 34.14 | 37.61 | OK | |
r-devel-linux-x86_64-fedora-clang | 1.0.1 | 87.84 | OK | |||
r-devel-linux-x86_64-fedora-gcc | 1.0.1 | 131.09 | OK | |||
r-devel-windows-x86_64 | 1.0.1 | 8.00 | 74.00 | 82.00 | OK | |
r-patched-linux-x86_64 | 1.0.1 | 5.28 | 46.72 | 52.00 | OK | |
r-release-linux-x86_64 | 1.0.1 | 4.63 | 46.29 | 50.92 | OK | |
r-release-macos-arm64 | 1.0.1 | 51.00 | OK | |||
r-release-macos-x86_64 | 1.0.1 | 111.00 | OK | |||
r-release-windows-x86_64 | 1.0.1 | 8.00 | 79.00 | 87.00 | OK | |
r-oldrel-macos-arm64 | 1.0.1 | 50.00 | ERROR | |||
r-oldrel-macos-x86_64 | 1.0.1 | 98.00 | ERROR | |||
r-oldrel-windows-x86_64 | 1.0.1 | 9.00 | 80.00 | 89.00 | OK |
Version: 1.0.1
Check: running R code from vignettes
Result: ERROR
Errors in running code in vignettes:
when running code in ‘getting-started.Rmd’
...
> zoltar_connection <- new_connection(host = Sys.getenv("Z_HOST"))
> zoltar_authenticate(zoltar_connection, Sys.getenv("Z_USERNAME"),
+ Sys.getenv("Z_PASSWORD"))
get_token(): POST: /api-token-auth/
When sourcing ‘getting-started.R’:
Error: URL using bad/illegal format or missing URL
Execution halted
when running code in ‘project-owners.Rmd’
...
> zoltar_connection <- new_connection(host = Sys.getenv("Z_HOST"))
> zoltar_authenticate(zoltar_connection, Sys.getenv("Z_USERNAME"),
+ Sys.getenv("Z_PASSWORD"))
get_token(): POST: /api-token-auth/
When sourcing ‘project-owners.R’:
Error: URL using bad/illegal format or missing URL
Execution halted
‘getting-started.Rmd’ using ‘UTF-8’... failed
‘project-owners.Rmd’ using ‘UTF-8’... failed
Flavors: r-oldrel-macos-arm64, r-oldrel-macos-x86_64